CRAN Package Check Results for Package ILS

Last updated on 2021-09-21 15:50:57 CEST.

Flavor Version Tinstall Tcheck Ttotal Status Flags
r-devel-linux-x86_64-debian-clang 0.2 11.57 90.59 102.16 OK
r-devel-linux-x86_64-debian-gcc 0.2 8.36 68.88 77.24 OK
r-devel-linux-x86_64-fedora-clang 0.2 129.72 OK
r-devel-linux-x86_64-fedora-gcc 0.2 119.02 OK
r-devel-windows-x86_64 0.2 12.00 86.00 98.00 OK
r-devel-windows-x86_64-gcc10-UCRT 0.2 ERROR
r-patched-linux-x86_64 0.2 10.00 88.20 98.20 OK
r-patched-solaris-x86 0.2 187.30 OK
r-release-linux-x86_64 0.2 10.61 87.23 97.84 OK
r-release-macos-arm64 0.2 OK
r-release-macos-x86_64 0.2 OK
r-release-windows-ix86+x86_64 0.2 25.00 116.00 141.00 OK
r-oldrel-macos-x86_64 0.2 OK
r-oldrel-windows-ix86+x86_64 0.2 26.00 91.00 117.00 OK

Check Details

Version: 0.2
Check: whether package can be installed
Result: WARN
    Found the following significant warnings:
     WARNING: installation-time patches will not be applied, could not get the patches index
Flavor: r-devel-windows-x86_64-gcc10-UCRT

Version: 0.2
Check: PDF version of manual
Result: WARN
    LaTeX errors when creating PDF version.
    This typically indicates Rd problems.
Flavor: r-devel-windows-x86_64-gcc10-UCRT

Version: 0.2
Check: PDF version of manual without hyperrefs or index
Result: ERROR
    Re-running with no redirection of stdout/stderr.
Flavor: r-devel-windows-x86_64-gcc10-UCRT