CRAN Package Check Results for Package IGG

Last updated on 2021-09-21 15:50:57 CEST.

Flavor Version Tinstall Tcheck Ttotal Status Flags
r-devel-linux-x86_64-debian-clang 1.0 9.47 75.69 85.16 OK
r-devel-linux-x86_64-debian-gcc 1.0 6.87 55.96 62.83 OK
r-devel-linux-x86_64-fedora-clang 1.0 106.96 OK
r-devel-linux-x86_64-fedora-gcc 1.0 98.36 OK
r-devel-windows-x86_64 1.0 10.00 74.00 84.00 OK
r-devel-windows-x86_64-gcc10-UCRT 1.0 ERROR
r-patched-linux-x86_64 1.0 8.36 73.28 81.64 OK
r-patched-solaris-x86 1.0 150.10 OK
r-release-linux-x86_64 1.0 9.55 72.78 82.33 OK
r-release-macos-arm64 1.0 OK
r-release-macos-x86_64 1.0 OK
r-release-windows-ix86+x86_64 1.0 19.00 99.00 118.00 OK
r-oldrel-macos-x86_64 1.0 OK
r-oldrel-windows-ix86+x86_64 1.0 18.00 68.00 86.00 OK

Check Details

Version: 1.0
Check: whether package can be installed
Result: WARN
    Found the following significant warnings:
     WARNING: installation-time patches will not be applied, could not get the patches index
Flavor: r-devel-windows-x86_64-gcc10-UCRT

Version: 1.0
Check: PDF version of manual
Result: WARN
    LaTeX errors when creating PDF version.
    This typically indicates Rd problems.
Flavor: r-devel-windows-x86_64-gcc10-UCRT

Version: 1.0
Check: PDF version of manual without hyperrefs or index
Result: ERROR
    Re-running with no redirection of stdout/stderr.
Flavor: r-devel-windows-x86_64-gcc10-UCRT