Last updated on 2021-03-09 07:49:41 CET.
Flavor | Version | Tinstall | Tcheck | Ttotal | Status | Flags |
---|---|---|---|---|---|---|
r-devel-linux-x86_64-debian-clang | 1.0.0 | 5.72 | 66.22 | 71.94 | OK | |
r-devel-linux-x86_64-debian-gcc | 1.0.0 | 4.96 | 50.14 | 55.10 | OK | |
r-devel-linux-x86_64-fedora-clang | 1.0.0 | 93.44 | NOTE | |||
r-devel-linux-x86_64-fedora-gcc | 1.0.0 | 82.92 | NOTE | |||
r-devel-windows-ix86+x86_64 | 1.0.0 | 16.00 | 115.00 | 131.00 | OK | |
r-devel-windows-x86_64-gcc10-UCRT | 1.0.0 | NOTE | ||||
r-patched-linux-x86_64 | 1.0.0 | 6.97 | 61.20 | 68.17 | OK | |
r-patched-solaris-x86 | 1.0.0 | 123.10 | NOTE | |||
r-release-linux-x86_64 | 1.0.0 | 6.59 | 62.23 | 68.82 | OK | |
r-release-macos-x86_64 | 1.0.0 | NOTE | ||||
r-release-windows-ix86+x86_64 | 1.0.0 | 12.00 | 102.00 | 114.00 | OK | |
r-oldrel-macos-x86_64 | 1.0.0 | NOTE | ||||
r-oldrel-windows-ix86+x86_64 | 1.0.0 | 10.00 | 83.00 | 93.00 | OK |
Version: 1.0.0
Check: dependencies in R code
Result: NOTE
Namespace in Imports field not imported from: ‘Rdpack’
All declared Imports should be used.
Flavors: r-devel-linux-x86_64-fedora-clang, r-devel-linux-x86_64-fedora-gcc, r-devel-windows-x86_64-gcc10-UCRT, r-patched-solaris-x86, r-release-macos-x86_64, r-oldrel-macos-x86_64