CRAN Package Check Results for Package ICON

Last updated on 2021-06-13 19:49:36 CEST.

Flavor Version Tinstall Tcheck Ttotal Status Flags
r-devel-linux-x86_64-debian-clang 0.4.0 3.19 39.63 42.82 ERROR
r-devel-linux-x86_64-debian-gcc 0.4.0 2.64 30.81 33.45 ERROR
r-devel-linux-x86_64-fedora-clang 0.4.0 61.95 ERROR
r-devel-linux-x86_64-fedora-gcc 0.4.0 49.95 ERROR
r-devel-windows-x86_64 0.4.0 4.00 62.00 66.00 ERROR
r-devel-windows-x86_64-gcc10-UCRT 0.4.0 ERROR
r-patched-linux-x86_64 0.4.0 3.12 37.46 40.58 ERROR
r-patched-solaris-x86 0.4.0 74.40 ERROR
r-release-linux-x86_64 0.4.0 3.05 37.51 40.56 ERROR
r-release-macos-arm64 0.4.0 OK
r-release-macos-x86_64 0.4.0 OK
r-release-windows-ix86+x86_64 0.4.0 7.00 58.00 65.00 ERROR
r-oldrel-macos-x86_64 0.4.0 OK
r-oldrel-windows-ix86+x86_64 0.4.0 7.00 63.00 70.00 ERROR

Check Details

Version: 0.4.0
Check: tests
Result: ERROR
     Running 'testthat.R' [2s/2s]
    Running the tests in 'tests/testthat.R' failed.
    Complete output:
     > library(testthat)
     > library(ICON)
     >
     > test_check("ICON")
     == Skipped tests ===============================================================
     * On CRAN (1)
    
     == Failed tests ================================================================
     -- Failure (test-s3-network.R:21:3): as.network.ICON generic works -------------
     network::get.edge.attribute(converted_network, "attrib") not equal to test_obj$attrib.
     Lengths differ: 22 is not 25
     -- Failure (test-s3-network.R:24:3): as.network.ICON generic works -------------
     network::network.edgecount(converted_network) not equal to `NROW`.
     1/1 mismatches
     [1] 22 - 25 == -3
    
     [ FAIL 2 | WARN 0 | SKIP 1 | PASS 11 ]
     Error: Test failures
     Execution halted
Flavor: r-devel-linux-x86_64-debian-clang

Version: 0.4.0
Check: tests
Result: ERROR
     Running ‘testthat.R’ [1s/2s]
    Running the tests in ‘tests/testthat.R’ failed.
    Complete output:
     > library(testthat)
     > library(ICON)
     >
     > test_check("ICON")
     ══ Skipped tests ═══════════════════════════════════════════════════════════════
     • On CRAN (1)
    
     ══ Failed tests ════════════════════════════════════════════════════════════════
     ── Failure (test-s3-network.R:21:3): as.network.ICON generic works ─────────────
     network::get.edge.attribute(converted_network, "attrib") not equal to test_obj$attrib.
     Lengths differ: 24 is not 25
     ── Failure (test-s3-network.R:24:3): as.network.ICON generic works ─────────────
     network::network.edgecount(converted_network) not equal to `NROW`.
     1/1 mismatches
     [1] 24 - 25 == -1
    
     [ FAIL 2 | WARN 0 | SKIP 1 | PASS 11 ]
     Error: Test failures
     Execution halted
Flavor: r-devel-linux-x86_64-debian-gcc

Version: 0.4.0
Check: tests
Result: ERROR
     Running ‘testthat.R’
    Running the tests in ‘tests/testthat.R’ failed.
    Complete output:
     > library(testthat)
     > library(ICON)
     >
     > test_check("ICON")
     ══ Skipped tests ═══════════════════════════════════════════════════════════════
     • On CRAN (1)
    
     ══ Failed tests ════════════════════════════════════════════════════════════════
     ── Failure (test-s3-network.R:21:3): as.network.ICON generic works ─────────────
     network::get.edge.attribute(converted_network, "attrib") not equal to test_obj$attrib.
     Lengths differ: 22 is not 25
     ── Failure (test-s3-network.R:24:3): as.network.ICON generic works ─────────────
     network::network.edgecount(converted_network) not equal to `NROW`.
     1/1 mismatches
     [1] 22 - 25 == -3
    
     [ FAIL 2 | WARN 0 | SKIP 1 | PASS 11 ]
     Error: Test failures
     Execution halted
Flavor: r-devel-linux-x86_64-fedora-clang

Version: 0.4.0
Check: tests
Result: ERROR
     Running ‘testthat.R’
    Running the tests in ‘tests/testthat.R’ failed.
    Complete output:
     > library(testthat)
     > library(ICON)
     >
     > test_check("ICON")
     ══ Skipped tests ═══════════════════════════════════════════════════════════════
     • On CRAN (1)
    
     ══ Failed tests ════════════════════════════════════════════════════════════════
     ── Failure (test-s3-network.R:21:3): as.network.ICON generic works ─────────────
     network::get.edge.attribute(converted_network, "attrib") not equal to test_obj$attrib.
     Lengths differ: 23 is not 25
     ── Failure (test-s3-network.R:24:3): as.network.ICON generic works ─────────────
     network::network.edgecount(converted_network) not equal to `NROW`.
     1/1 mismatches
     [1] 23 - 25 == -2
    
     [ FAIL 2 | WARN 0 | SKIP 1 | PASS 11 ]
     Error: Test failures
     Execution halted
Flavor: r-devel-linux-x86_64-fedora-gcc

Version: 0.4.0
Check: tests
Result: ERROR
     Running 'testthat.R' [2s]
    Running the tests in 'tests/testthat.R' failed.
    Complete output:
     > library(testthat)
     > library(ICON)
     >
     > test_check("ICON")
     == Skipped tests ===============================================================
     * On CRAN (1)
    
     == Failed tests ================================================================
     -- Failure (test-s3-network.R:21:3): as.network.ICON generic works -------------
     network::get.edge.attribute(converted_network, "attrib") not equal to test_obj$attrib.
     Lengths differ: 21 is not 25
     -- Failure (test-s3-network.R:24:3): as.network.ICON generic works -------------
     network::network.edgecount(converted_network) not equal to `NROW`.
     1/1 mismatches
     [1] 21 - 25 == -4
    
     [ FAIL 2 | WARN 0 | SKIP 1 | PASS 11 ]
     Error: Test failures
     Execution halted
Flavors: r-devel-windows-x86_64, r-release-windows-ix86+x86_64

Version: 0.4.0
Check: tests
Result: ERROR
     Running 'testthat.R'
    Running the tests in 'tests/testthat.R' failed.
    Last 13 lines of output:
     == Skipped tests ===============================================================
     * On CRAN (1)
    
     == Failed tests ================================================================
     -- Failure (test-s3-network.R:21:3): as.network.ICON generic works -------------
     network::get.edge.attribute(converted_network, "attrib") not equal to test_obj$attrib.
     Lengths differ: 22 is not 25
     -- Failure (test-s3-network.R:24:3): as.network.ICON generic works -------------
     network::network.edgecount(converted_network) not equal to `NROW`.
     1/1 mismatches
     [1] 22 - 25 == -3
    
     [ FAIL 2 | WARN 0 | SKIP 1 | PASS 11 ]
     Error: Test failures
     Execution halted
Flavor: r-devel-windows-x86_64-gcc10-UCRT

Version: 0.4.0
Check: tests
Result: ERROR
     Running ‘testthat.R’ [1s/2s]
    Running the tests in ‘tests/testthat.R’ failed.
    Complete output:
     > library(testthat)
     > library(ICON)
     >
     > test_check("ICON")
     ══ Skipped tests ═══════════════════════════════════════════════════════════════
     • On CRAN (1)
    
     ══ Failed tests ════════════════════════════════════════════════════════════════
     ── Failure (test-s3-network.R:21:3): as.network.ICON generic works ─────────────
     network::get.edge.attribute(converted_network, "attrib") not equal to test_obj$attrib.
     Lengths differ: 20 is not 25
     ── Failure (test-s3-network.R:24:3): as.network.ICON generic works ─────────────
     network::network.edgecount(converted_network) not equal to `NROW`.
     1/1 mismatches
     [1] 20 - 25 == -5
    
     [ FAIL 2 | WARN 0 | SKIP 1 | PASS 11 ]
     Error: Test failures
     Execution halted
Flavors: r-patched-linux-x86_64, r-release-linux-x86_64

Version: 0.4.0
Check: tests
Result: ERROR
     Running ‘testthat.R’
    Running the tests in ‘tests/testthat.R’ failed.
    Complete output:
     > library(testthat)
     > library(ICON)
     >
     > test_check("ICON")
     ══ Skipped tests ═══════════════════════════════════════════════════════════════
     • On CRAN (1)
    
     ══ Failed tests ════════════════════════════════════════════════════════════════
     ── Failure (test-s3-network.R:21:3): as.network.ICON generic works ─────────────
     network::get.edge.attribute(converted_network, "attrib") not equal to test_obj$attrib.
     Lengths differ: 20 is not 25
     ── Failure (test-s3-network.R:24:3): as.network.ICON generic works ─────────────
     network::network.edgecount(converted_network) not equal to `NROW`.
     1/1 mismatches
     [1] 20 - 25 == -5
    
     [ FAIL 2 | WARN 0 | SKIP 1 | PASS 11 ]
     Error: Test failures
     Execution halted
Flavor: r-patched-solaris-x86

Version: 0.4.0
Check: tests
Result: ERROR
     Running 'testthat.R' [2s]
    Running the tests in 'tests/testthat.R' failed.
    Complete output:
     > library(testthat)
     > library(ICON)
     >
     > test_check("ICON")
     == Skipped tests ===============================================================
     * On CRAN (1)
    
     == Failed tests ================================================================
     -- Failure (test-s3-network.R:21:3): as.network.ICON generic works -------------
     network::get.edge.attribute(converted_network, "attrib") not equal to test_obj$attrib.
     Lengths differ: 23 is not 25
     -- Failure (test-s3-network.R:24:3): as.network.ICON generic works -------------
     network::network.edgecount(converted_network) not equal to `NROW`.
     1/1 mismatches
     [1] 23 - 25 == -2
    
     [ FAIL 2 | WARN 0 | SKIP 1 | PASS 11 ]
     Error: Test failures
     Execution halted
Flavor: r-oldrel-windows-ix86+x86_64