CRAN Package Check Results for Package IBrokers

Last updated on 2021-01-26 15:49:47 CET.

Flavor Version Tinstall Tcheck Ttotal Status Flags
r-devel-linux-x86_64-debian-clang 0.9-12 5.96 55.88 61.84 NOTE
r-devel-linux-x86_64-debian-gcc 0.9-12 5.21 43.29 48.50 NOTE
r-devel-linux-x86_64-fedora-clang 0.9-12 84.94 NOTE
r-devel-linux-x86_64-fedora-gcc 0.9-12 74.68 NOTE
r-devel-windows-ix86+x86_64 0.9-12 10.00 82.00 92.00 NOTE
r-patched-linux-x86_64 0.9-12 6.27 52.24 58.51 NOTE
r-patched-solaris-x86 0.9-12 97.40 NOTE
r-release-linux-x86_64 0.9-12 5.59 53.43 59.02 NOTE
r-release-macos-x86_64 0.9-12 NOTE
r-release-windows-ix86+x86_64 0.9-12 10.00 64.00 74.00 NOTE
r-oldrel-macos-x86_64 0.9-12 NOTE
r-oldrel-windows-ix86+x86_64 0.9-12 8.00 83.00 91.00 NOTE

Check Details

Version: 0.9-12
Check: R code for possible problems
Result: NOTE
    ..placeOrder: no visible global function definition for 'str'
    .reqMktData.vignette: no visible global function definition for
     'flush.console'
    e_portfolio_value: no visible global function definition for 'str'
    print.eventPortfolioValue: no visible global function definition for
     'str'
    print.twsContract: no visible global function definition for 'str'
    print.twsContractDetails: no visible global function definition for
     'str'
    print.twsOrder: no visible global function definition for 'str'
    print.twsOrderState: no visible global function definition for 'str'
    print.twsScannerSubscription: no visible global function definition for
     'str'
    reqAccountUpdates: no visible binding for global variable 'timestamp'
    reqContractDetails: no visible binding for global variable 'timestamp'
    reqHistoricalData: no visible global function definition for
     'flush.console'
    reqHistoricalData: no visible global function definition for
     'write.table'
    Undefined global functions or variables:
     flush.console str timestamp write.table
    Consider adding
     importFrom("utils", "flush.console", "str", "timestamp", "write.table")
    to your NAMESPACE file.
Flavors: r-devel-linux-x86_64-debian-clang, r-devel-linux-x86_64-debian-gcc, r-devel-linux-x86_64-fedora-clang, r-devel-linux-x86_64-fedora-gcc, r-devel-windows-ix86+x86_64, r-patched-linux-x86_64, r-patched-solaris-x86, r-release-linux-x86_64, r-release-macos-x86_64, r-release-windows-ix86+x86_64, r-oldrel-macos-x86_64, r-oldrel-windows-ix86+x86_64