CRAN Package Check Results for Package IAbin

Last updated on 2021-06-12 23:49:09 CEST.

Flavor Version Tinstall Tcheck Ttotal Status Flags
r-devel-linux-x86_64-debian-clang 1.0 1.88 25.46 27.34 NOTE
r-devel-linux-x86_64-debian-gcc 1.0 1.65 20.37 22.02 NOTE
r-devel-linux-x86_64-fedora-clang 1.0 42.57 OK
r-devel-linux-x86_64-fedora-gcc 1.0 33.61 OK
r-devel-windows-x86_64 1.0 4.00 44.00 48.00 NOTE
r-devel-windows-x86_64-gcc10-UCRT 1.0 OK
r-patched-linux-x86_64 1.0 2.17 24.69 26.86 NOTE
r-patched-solaris-x86 1.0 51.40 OK
r-release-linux-x86_64 1.0 2.11 24.81 26.92 NOTE
r-release-macos-arm64 1.0 OK
r-release-macos-x86_64 1.0 OK
r-release-windows-ix86+x86_64 1.0 4.00 43.00 47.00 NOTE
r-oldrel-macos-x86_64 1.0 OK
r-oldrel-windows-ix86+x86_64 1.0 5.00 50.00 55.00 NOTE

Check Details

Version: 1.0
Check: package vignettes
Result: NOTE
    Package vignette with placeholder title 'Vignette Title':
     'vignette-IAbin.Rmd'
Flavors: r-devel-linux-x86_64-debian-clang, r-devel-linux-x86_64-debian-gcc, r-devel-windows-x86_64, r-patched-linux-x86_64, r-release-linux-x86_64, r-release-windows-ix86+x86_64, r-oldrel-windows-ix86+x86_64