CRAN Package Check Results for Package HiveR

Last updated on 2021-09-22 07:51:20 CEST.

Flavor Version Tinstall Tcheck Ttotal Status Flags
r-devel-linux-x86_64-debian-clang 0.3.63 13.11 223.27 236.38 OK
r-devel-linux-x86_64-debian-gcc 0.3.63 9.96 172.00 181.96 OK
r-devel-linux-x86_64-fedora-clang 0.3.63 296.92 OK
r-devel-linux-x86_64-fedora-gcc 0.3.63 279.51 OK
r-devel-windows-x86_64 0.3.63 11.00 239.00 250.00 OK
r-devel-windows-x86_64-gcc10-UCRT 0.3.63 ERROR
r-patched-linux-x86_64 0.3.63 12.91 211.47 224.38 OK
r-patched-solaris-x86 0.3.63 454.50 OK
r-release-linux-x86_64 0.3.63 12.83 214.96 227.79 OK
r-release-macos-arm64 0.3.63 OK
r-release-macos-x86_64 0.3.63 OK
r-release-windows-ix86+x86_64 0.3.63 29.00 309.00 338.00 OK
r-oldrel-macos-x86_64 0.3.63 OK
r-oldrel-windows-ix86+x86_64 0.3.63 15.00 211.00 226.00 OK

Check Details

Version: 0.3.63
Check: package dependencies
Result: ERROR
    Packages required but not available: 'jpeg', 'png', 'rgl'
    
    Package suggested but not available for checking: 'bipartite'
    
    See section 'The DESCRIPTION file' in the 'Writing R Extensions'
    manual.
Flavor: r-devel-windows-x86_64-gcc10-UCRT