CRAN Package Check Results for Package HierO

Last updated on 2021-09-21 15:50:56 CEST.

Flavor Version Tinstall Tcheck Ttotal Status Flags
r-devel-linux-x86_64-debian-clang 0.2 30.75 63.26 94.01 NOTE
r-devel-linux-x86_64-debian-gcc 0.2 24.63 48.80 73.43 NOTE
r-devel-linux-x86_64-fedora-clang 0.2 125.22 NOTE
r-devel-linux-x86_64-fedora-gcc 0.2 112.52 NOTE
r-devel-windows-x86_64 0.2 25.00 58.00 83.00 NOTE
r-devel-windows-x86_64-gcc10-UCRT 0.2 ERROR
r-patched-linux-x86_64 0.2 29.54 63.31 92.85 NOTE
r-patched-solaris-x86 0.2 162.90 NOTE
r-release-linux-x86_64 0.2 29.53 62.39 91.92 NOTE
r-release-macos-arm64 0.2 ERROR
r-release-macos-x86_64 0.2 ERROR
r-release-windows-ix86+x86_64 0.2 38.00 74.00 112.00 NOTE
r-oldrel-macos-x86_64 0.2 ERROR
r-oldrel-windows-ix86+x86_64 0.2 25.00 82.00 107.00 NOTE

Check Details

Version: 0.2
Check: package dependencies
Result: NOTE
    Package suggested but not available for checking: 'XMLRPC'
Flavors: r-devel-linux-x86_64-debian-clang, r-devel-linux-x86_64-debian-gcc, r-devel-windows-x86_64, r-patched-linux-x86_64, r-patched-solaris-x86, r-release-linux-x86_64, r-release-macos-arm64, r-release-macos-x86_64, r-release-windows-ix86+x86_64, r-oldrel-macos-x86_64, r-oldrel-windows-ix86+x86_64

Version: 0.2
Check: R code for possible problems
Result: NOTE
    calcPower: no visible global function definition for 'pchisq'
    calcPower: no visible global function definition for 'qchisq'
    delta2 : K1: no visible global function definition for 'qnorm'
    delta2: no visible global function definition for 'qnorm'
    delta2: no visible global function definition for 'pnorm'
    delta2: no visible global function definition for 'dnorm'
    Undefined global functions or variables:
     dnorm pchisq pnorm qchisq qnorm
    Consider adding
     importFrom("stats", "dnorm", "pchisq", "pnorm", "qchisq", "qnorm")
    to your NAMESPACE file.
Flavors: r-devel-linux-x86_64-debian-clang, r-devel-linux-x86_64-debian-gcc, r-devel-linux-x86_64-fedora-clang, r-devel-linux-x86_64-fedora-gcc, r-devel-windows-x86_64, r-patched-linux-x86_64, r-patched-solaris-x86, r-release-linux-x86_64, r-release-windows-ix86+x86_64, r-oldrel-windows-ix86+x86_64

Version: 0.2
Check: package dependencies
Result: ERROR
    Packages required but not available: 'rneos', 'XML'
    
    Package suggested but not available for checking: 'XMLRPC'
    
    See section 'The DESCRIPTION file' in the 'Writing R Extensions'
    manual.
Flavor: r-devel-windows-x86_64-gcc10-UCRT

Version: 0.2
Check: whether package can be installed
Result: ERROR
    Installation failed.
Flavors: r-release-macos-arm64, r-release-macos-x86_64, r-oldrel-macos-x86_64