CRAN Package Check Results for Package HeritSeq

Last updated on 2021-04-11 07:47:39 CEST.

Flavor Version Tinstall Tcheck Ttotal Status Flags
r-devel-linux-x86_64-debian-clang 1.0.1 0.63 2.55 3.18 ERROR
r-devel-linux-x86_64-debian-gcc 1.0.1 29.18 239.77 268.95 NOTE
r-devel-linux-x86_64-fedora-clang 1.0.1 473.80 NOTE
r-devel-linux-x86_64-fedora-gcc 1.0.1 440.56 NOTE
r-devel-windows-ix86+x86_64 1.0.1 54.00 226.00 280.00 NOTE
r-devel-windows-x86_64-gcc10-UCRT 1.0.1 NOTE
r-patched-linux-x86_64 1.0.1 31.57 261.58 293.15 NOTE
r-patched-solaris-x86 1.0.1 566.20 NOTE
r-release-linux-x86_64 1.0.1 26.75 262.48 289.23 NOTE
r-release-macos-x86_64 1.0.1 NOTE
r-release-windows-ix86+x86_64 1.0.1 75.00 317.00 392.00 NOTE
r-oldrel-macos-x86_64 1.0.1 ERROR
r-oldrel-windows-ix86+x86_64 1.0.1 73.00 217.00 290.00 NOTE

Additional issues

donttest

Check Details

Version: 1.0.1
Check: package dependencies
Result: ERROR
    Packages required but not available: 'DESeq2', 'SummarizedExperiment'
    
    Package suggested but not available for checking: 'glmmADMB'
    
    See section 'The DESCRIPTION file' in the 'Writing R Extensions'
    manual.
Flavor: r-devel-linux-x86_64-debian-clang

Version: 1.0.1
Check: package dependencies
Result: NOTE
    Package suggested but not available for checking: ‘glmmADMB’
Flavors: r-devel-linux-x86_64-debian-gcc, r-devel-linux-x86_64-fedora-clang, r-devel-linux-x86_64-fedora-gcc, r-devel-windows-ix86+x86_64, r-devel-windows-x86_64-gcc10-UCRT, r-patched-linux-x86_64, r-patched-solaris-x86, r-release-linux-x86_64, r-release-macos-x86_64, r-release-windows-ix86+x86_64, r-oldrel-macos-x86_64, r-oldrel-windows-ix86+x86_64

Version: 1.0.1
Check: whether package can be installed
Result: ERROR
    Installation failed.
Flavor: r-oldrel-macos-x86_64