CRAN Package Check Results for Package HaploSim

Last updated on 2021-09-21 15:50:55 CEST.

Flavor Version Tinstall Tcheck Ttotal Status Flags
r-devel-linux-x86_64-debian-clang 1.8.4 3.77 33.07 36.84 NOTE
r-devel-linux-x86_64-debian-gcc 1.8.4 2.89 26.22 29.11 NOTE
r-devel-linux-x86_64-fedora-clang 1.8.4 53.77 NOTE
r-devel-linux-x86_64-fedora-gcc 1.8.4 42.89 NOTE
r-devel-windows-x86_64 1.8.4 9.00 39.00 48.00 NOTE
r-devel-windows-x86_64-gcc10-UCRT 1.8.4 ERROR
r-patched-linux-x86_64 1.8.4 3.47 32.12 35.59 NOTE
r-patched-solaris-x86 1.8.4 64.40 NOTE
r-release-linux-x86_64 1.8.4 4.19 32.10 36.29 NOTE
r-release-macos-arm64 1.8.4 NOTE
r-release-macos-x86_64 1.8.4 NOTE
r-release-windows-ix86+x86_64 1.8.4 11.00 47.00 58.00 NOTE
r-oldrel-macos-x86_64 1.8.4 NOTE
r-oldrel-windows-ix86+x86_64 1.8.4 10.00 39.00 49.00 NOTE

Check Details

Version: 1.8.4
Check: R code for possible problems
Result: NOTE
    AssignQTL : <anonymous>: no visible global function definition for
     'rgamma'
    AssignSingleQTL: no visible global function definition for 'rgamma'
    ListQTL : <anonymous>: no visible global function definition for
     'rgamma'
    SampleBaseHaplotype: no visible global function definition for 'runif'
    SampleHaplotype: no visible global function definition for 'rpois'
    SampleHaplotype: no visible global function definition for 'runif'
    SampleHaplotype: no visible global function definition for 'rbinom'
    Undefined global functions or variables:
     rbinom rgamma rpois runif
    Consider adding
     importFrom("stats", "rbinom", "rgamma", "rpois", "runif")
    to your NAMESPACE file.
Flavors: r-devel-linux-x86_64-debian-clang, r-devel-linux-x86_64-debian-gcc, r-devel-linux-x86_64-fedora-clang, r-devel-linux-x86_64-fedora-gcc, r-devel-windows-x86_64, r-devel-windows-x86_64-gcc10-UCRT, r-patched-linux-x86_64, r-patched-solaris-x86, r-release-linux-x86_64, r-release-macos-arm64, r-release-macos-x86_64, r-release-windows-ix86+x86_64, r-oldrel-macos-x86_64, r-oldrel-windows-ix86+x86_64

Version: 1.8.4
Check: whether package can be installed
Result: WARN
    Found the following significant warnings:
     WARNING: installation-time patches will not be applied, could not get the patches index
Flavor: r-devel-windows-x86_64-gcc10-UCRT

Version: 1.8.4
Check: PDF version of manual
Result: WARN
    LaTeX errors when creating PDF version.
    This typically indicates Rd problems.
Flavor: r-devel-windows-x86_64-gcc10-UCRT

Version: 1.8.4
Check: PDF version of manual without hyperrefs or index
Result: ERROR
    Re-running with no redirection of stdout/stderr.
Flavor: r-devel-windows-x86_64-gcc10-UCRT