Last updated on 2022-05-19 15:53:19 CEST.
Flavor | Version | Tinstall | Tcheck | Ttotal | Status | Flags |
---|---|---|---|---|---|---|
r-devel-linux-x86_64-debian-clang | 7.2.3 | 31.98 | 375.60 | 407.58 | NOTE | |
r-devel-linux-x86_64-debian-gcc | 7.2.3 | 18.75 | 265.77 | 284.52 | NOTE | |
r-devel-linux-x86_64-fedora-clang | 7.2.3 | 453.10 | NOTE | |||
r-devel-linux-x86_64-fedora-gcc | 7.2.3 | 464.17 | NOTE | |||
r-devel-windows-x86_64 | 7.2.3 | 65.00 | 415.00 | 480.00 | NOTE | |
r-patched-linux-x86_64 | 7.2.3 | 26.19 | 351.28 | 377.47 | OK | |
r-release-linux-x86_64 | 7.2.3 | 26.31 | 346.07 | 372.38 | OK | |
r-release-macos-arm64 | 7.2.3 | 117.00 | NOTE | |||
r-release-macos-x86_64 | 7.2.3 | 160.00 | NOTE | |||
r-release-windows-x86_64 | 7.2.3 | 75.00 | 412.00 | 487.00 | OK | |
r-oldrel-macos-arm64 | 7.2.3 | 156.00 | NOTE | |||
r-oldrel-macos-x86_64 | 7.2.3 | 246.00 | NOTE | |||
r-oldrel-windows-ix86+x86_64 | 7.2.3 | 49.00 | 469.00 | 518.00 | OK |
Version: 7.2.3
Check: Rd files
Result: NOTE
checkRd: (7) haptable.Rd:44: \item in \value must have non-empty label
checkRd: (7) haptable.Rd:53: \item in \value must have non-empty label
checkRd: (7) plot.haplin.Rd:15: \item in \arguments must have non-empty label
checkRd: (7) plot.haptable.Rd:15: \item in \arguments must have non-empty label
Flavors: r-devel-linux-x86_64-debian-clang, r-devel-linux-x86_64-debian-gcc, r-devel-linux-x86_64-fedora-clang, r-devel-linux-x86_64-fedora-gcc, r-devel-windows-x86_64
Version: 7.2.3
Check: HTML version of manual
Result: NOTE
Found the following problems:
haptable.Rd:144:38: Warning: trimming empty <code>
haptable.Rd:180:38: Warning: trimming empty <code>
plot.haplin.Rd:38:38: Warning: trimming empty <code>
plot.haptable.Rd:38:38: Warning: trimming empty <code>
Flavors: r-devel-linux-x86_64-debian-clang, r-devel-linux-x86_64-debian-gcc
Version: 7.2.3
Check: package dependencies
Result: NOTE
Package suggested but not available for checking: ‘Rmpi’
Flavors: r-release-macos-arm64, r-release-macos-x86_64, r-oldrel-macos-arm64, r-oldrel-macos-x86_64