Last updated on 2021-03-01 15:47:30 CET.
Flavor | Version | Tinstall | Tcheck | Ttotal | Status | Flags |
---|---|---|---|---|---|---|
r-devel-linux-x86_64-debian-clang | 1.4 | NOTE | ||||
r-devel-linux-x86_64-debian-gcc | 1.4 | 7.17 | 80.24 | 87.41 | NOTE | |
r-devel-linux-x86_64-fedora-clang | 1.4 | 146.87 | NOTE | |||
r-devel-linux-x86_64-fedora-gcc | 1.4 | 133.69 | NOTE | |||
r-devel-windows-ix86+x86_64 | 1.4 | 15.00 | 99.00 | 114.00 | NOTE | |
r-patched-linux-x86_64 | 1.4 | 8.94 | 98.62 | 107.56 | NOTE | |
r-patched-solaris-x86 | 1.4 | 198.70 | NOTE | |||
r-release-linux-x86_64 | 1.4 | 8.80 | 98.22 | 107.02 | NOTE | |
r-release-macos-x86_64 | 1.4 | NOTE | ||||
r-release-windows-ix86+x86_64 | 1.4 | 22.00 | 139.00 | 161.00 | NOTE | |
r-oldrel-macos-x86_64 | 1.4 | NOTE | ||||
r-oldrel-windows-ix86+x86_64 | 1.4 | 13.00 | 119.00 | 132.00 | NOTE |
Version: 1.4
Check: DESCRIPTION meta-information
Result: NOTE
Malformed Title field: should not end in a period.
Flavors: r-devel-linux-x86_64-debian-clang, r-devel-linux-x86_64-debian-gcc, r-devel-linux-x86_64-fedora-clang, r-devel-linux-x86_64-fedora-gcc, r-devel-windows-ix86+x86_64, r-patched-linux-x86_64, r-patched-solaris-x86, r-release-linux-x86_64, r-release-macos-x86_64, r-release-windows-ix86+x86_64, r-oldrel-macos-x86_64, r-oldrel-windows-ix86+x86_64
Version: 1.4
Check: R code for possible problems
Result: NOTE
HWEImportSamp: no visible global function definition for 'dnorm'
HWEImportSamp: no visible global function definition for 'rnorm'
HWEmodelsMLE: no visible global function definition for 'optim'
HWEsimdat: no visible global function definition for 'rmultinom'
LambdaOptim: no visible global function definition for 'rnorm'
LambdaOptim : LambdaPriorChoice: no visible global function definition
for 'quantile'
LambdaOptim: no visible global function definition for 'optim'
SinglefPrior: no visible global function definition for 'rnorm'
SinglefReject: no visible global function definition for 'runif'
TriangNormHWE: no visible global function definition for 'pbeta'
Undefined global functions or variables:
dnorm optim pbeta quantile rmultinom rnorm runif
Consider adding
importFrom("stats", "dnorm", "optim", "pbeta", "quantile", "rmultinom",
"rnorm", "runif")
to your NAMESPACE file.
Flavors: r-devel-linux-x86_64-debian-clang, r-devel-linux-x86_64-debian-gcc, r-devel-linux-x86_64-fedora-clang, r-devel-linux-x86_64-fedora-gcc, r-devel-windows-ix86+x86_64, r-patched-linux-x86_64, r-patched-solaris-x86, r-release-linux-x86_64, r-release-macos-x86_64, r-release-windows-ix86+x86_64, r-oldrel-macos-x86_64, r-oldrel-windows-ix86+x86_64