CRAN Package Check Results for Package HS

Last updated on 2024-06-13 16:49:10 CEST.

Flavor Version Tinstall Tcheck Ttotal Status Flags
r-devel-linux-x86_64-debian-clang 1.1 9.28 74.18 83.46 OK
r-devel-linux-x86_64-debian-gcc 1.1 0.32 1.79 2.11 ERROR
r-devel-linux-x86_64-fedora-clang 1.1 104.97 OK
r-devel-linux-x86_64-fedora-gcc 1.1 98.20 OK
r-devel-windows-x86_64 1.1 10.00 73.00 83.00 OK
r-patched-linux-x86_64 1.1 6.03 73.04 79.07 OK
r-release-linux-x86_64 1.1 7.72 73.29 81.01 OK
r-release-macos-arm64 1.1 33.00 OK
r-release-macos-x86_64 1.1 45.00 OK
r-release-windows-x86_64 1.1 10.00 74.00 84.00 OK
r-oldrel-macos-arm64 1.1 34.00 OK
r-oldrel-macos-x86_64 1.1 51.00 OK
r-oldrel-windows-x86_64 1.1 11.00 87.00 98.00 OK

Check Details

Version: 1.1
Check: package dependencies
Result: ERROR Packages required but not available: 'ggpubr', 'tidyr', 'reshape2', 'ggplot2' See section ‘The DESCRIPTION file’ in the ‘Writing R Extensions’ manual. Flavor: r-devel-linux-x86_64-debian-gcc