Last updated on 2021-04-14 19:47:08 CEST.
Flavor | Version | Tinstall | Tcheck | Ttotal | Status | Flags |
---|---|---|---|---|---|---|
r-devel-linux-x86_64-debian-clang | 2.0.1 | 11.97 | 107.47 | 119.44 | OK | |
r-devel-linux-x86_64-debian-gcc | 2.0.1 | 9.56 | 81.89 | 91.45 | OK | |
r-devel-linux-x86_64-fedora-clang | 2.0.1 | 149.77 | NOTE | |||
r-devel-linux-x86_64-fedora-gcc | 2.0.1 | 140.27 | OK | |||
r-devel-windows-ix86+x86_64 | 2.0.1 | 30.00 | 138.00 | 168.00 | OK | |
r-devel-windows-x86_64-gcc10-UCRT | 2.0.1 | OK | ||||
r-patched-linux-x86_64 | 2.0.1 | 9.69 | 99.38 | 109.07 | OK | |
r-patched-solaris-x86 | 2.0.1 | 203.30 | OK | |||
r-release-linux-x86_64 | 2.0.1 | 11.60 | 99.61 | 111.21 | OK | |
r-release-macos-x86_64 | 2.0.1 | OK | ||||
r-release-windows-ix86+x86_64 | 2.0.1 | 37.00 | 140.00 | 177.00 | OK | |
r-oldrel-macos-x86_64 | 2.0.1 | OK | ||||
r-oldrel-windows-ix86+x86_64 | 2.0.1 | 19.00 | 102.00 | 121.00 | OK |
Version: 2.0.1
Check: Rd cross-references
Result: NOTE
Undeclared package ‘genalg’ in Rd xrefs
Flavor: r-devel-linux-x86_64-fedora-clang