CRAN Package Check Results for Package HMB

Last updated on 2021-06-16 19:49:48 CEST.

Flavor Version Tinstall Tcheck Ttotal Status Flags
r-devel-linux-x86_64-debian-clang 1.1 137.63 41.23 178.86 OK
r-devel-linux-x86_64-debian-gcc 1.1 89.16 32.85 122.01 OK
r-devel-linux-x86_64-fedora-clang 1.1 257.45 NOTE
r-devel-linux-x86_64-fedora-gcc 1.1 222.26 OK
r-devel-windows-x86_64 1.1 169.00 60.00 229.00 OK
r-devel-windows-x86_64-gcc10-UCRT 1.1 OK
r-patched-linux-x86_64 1.1 102.11 40.27 142.38 OK
r-patched-solaris-x86 1.1 229.30 OK
r-release-linux-x86_64 1.1 109.81 40.76 150.57 OK
r-release-macos-arm64 1.1 NOTE
r-release-macos-x86_64 1.1 NOTE
r-release-windows-ix86+x86_64 1.1 319.00 76.00 395.00 NOTE
r-oldrel-macos-x86_64 1.1 NOTE
r-oldrel-windows-ix86+x86_64 1.1 242.00 92.00 334.00 NOTE

Check Details

Version: 1.1
Check: installed package size
Result: NOTE
     installed size is 7.8Mb
     sub-directories of 1Mb or more:
     data 3.5Mb
     libs 4.1Mb
Flavors: r-devel-linux-x86_64-fedora-clang, r-release-macos-arm64, r-release-macos-x86_64, r-release-windows-ix86+x86_64, r-oldrel-macos-x86_64, r-oldrel-windows-ix86+x86_64