CRAN Package Check Results for Package HK80

Last updated on 2021-09-21 15:50:56 CEST.

Flavor Version Tinstall Tcheck Ttotal Status Flags
r-devel-linux-x86_64-debian-clang 0.0.2 2.60 24.01 26.61 OK
r-devel-linux-x86_64-debian-gcc 0.0.2 2.12 19.41 21.53 OK
r-devel-linux-x86_64-fedora-clang 0.0.2 42.20 OK
r-devel-linux-x86_64-fedora-gcc 0.0.2 31.49 OK
r-devel-windows-x86_64 0.0.2 4.00 27.00 31.00 OK
r-devel-windows-x86_64-gcc10-UCRT 0.0.2 ERROR
r-patched-linux-x86_64 0.0.2 2.59 23.61 26.20 OK
r-patched-solaris-x86 0.0.2 47.10 OK
r-release-linux-x86_64 0.0.2 2.25 23.59 25.84 OK
r-release-macos-arm64 0.0.2 OK
r-release-macos-x86_64 0.0.2 OK
r-release-windows-ix86+x86_64 0.0.2 6.00 34.00 40.00 OK
r-oldrel-macos-x86_64 0.0.2 OK
r-oldrel-windows-ix86+x86_64 0.0.2 5.00 33.00 38.00 OK

Check Details

Version: 0.0.2
Check: whether package can be installed
Result: WARN
    Found the following significant warnings:
     WARNING: installation-time patches will not be applied, could not get the patches index
Flavor: r-devel-windows-x86_64-gcc10-UCRT

Version: 0.0.2
Check: PDF version of manual
Result: WARN
    LaTeX errors when creating PDF version.
    This typically indicates Rd problems.
Flavor: r-devel-windows-x86_64-gcc10-UCRT

Version: 0.0.2
Check: PDF version of manual without hyperrefs or index
Result: ERROR
    Re-running with no redirection of stdout/stderr.
Flavor: r-devel-windows-x86_64-gcc10-UCRT