CRAN Package Check Results for Package HDTSA

Last updated on 2021-10-23 19:52:09 CEST.

Flavor Version Tinstall Tcheck Ttotal Status Flags
r-devel-linux-x86_64-debian-clang 1.0.0 85.19 51.42 136.61 OK
r-devel-linux-x86_64-debian-gcc 1.0.0 75.31 42.51 117.82 OK
r-devel-linux-x86_64-fedora-clang 1.0.0 212.73 NOTE
r-devel-linux-x86_64-fedora-gcc 1.0.0 197.93 OK
r-devel-windows-x86_64 1.0.0 108.00 88.00 196.00 OK
r-devel-windows-x86_64-gcc10-UCRT 1.0.0 OK
r-patched-linux-x86_64 1.0.0 86.04 53.99 140.03 OK
r-patched-solaris-x86 1.0.0 225.50 OK
r-release-linux-x86_64 1.0.0 80.68 53.48 134.16 OK
r-release-macos-arm64 1.0.0 NOTE
r-release-macos-x86_64 1.0.0 NOTE
r-release-windows-ix86+x86_64 1.0.0 165.00 135.00 300.00 OK
r-oldrel-macos-x86_64 1.0.0 NOTE
r-oldrel-windows-ix86+x86_64 1.0.0 212.00 137.00 349.00 OK

Check Details

Version: 1.0.0
Check: installed package size
Result: NOTE
     installed size is 20.7Mb
     sub-directories of 1Mb or more:
     libs 20.5Mb
Flavors: r-devel-linux-x86_64-fedora-clang, r-release-macos-arm64, r-release-macos-x86_64, r-oldrel-macos-x86_64