CRAN Package Check Results for Package Ghost

Last updated on 2021-06-12 23:49:08 CEST.

Flavor Version Tinstall Tcheck Ttotal Status Flags
r-devel-linux-x86_64-debian-clang 0.1.0 3.41 23.12 26.53 OK
r-devel-linux-x86_64-debian-gcc 0.1.0 2.87 17.79 20.66 OK
r-devel-linux-x86_64-fedora-clang 0.1.0 42.92 NOTE
r-devel-linux-x86_64-fedora-gcc 0.1.0 31.89 NOTE
r-devel-windows-x86_64 0.1.0 7.00 86.00 93.00 OK
r-devel-windows-x86_64-gcc10-UCRT 0.1.0 NOTE
r-patched-linux-x86_64 0.1.0 3.47 22.42 25.89 OK
r-patched-solaris-x86 0.1.0 49.10 NOTE
r-release-linux-x86_64 0.1.0 4.20 22.30 26.50 OK
r-release-macos-arm64 0.1.0 NOTE
r-release-macos-x86_64 0.1.0 NOTE
r-release-windows-ix86+x86_64 0.1.0 6.00 39.00 45.00 OK
r-oldrel-macos-x86_64 0.1.0 NOTE
r-oldrel-windows-ix86+x86_64 0.1.0 7.00 53.00 60.00 OK

Check Details

Version: 0.1.0
Check: dependencies in R code
Result: NOTE
    Namespace in Imports field not imported from: ‘R6’
     All declared Imports should be used.
Flavors: r-devel-linux-x86_64-fedora-clang, r-devel-linux-x86_64-fedora-gcc, r-devel-windows-x86_64-gcc10-UCRT, r-patched-solaris-x86, r-release-macos-arm64, r-release-macos-x86_64, r-oldrel-macos-x86_64