Last updated on 2021-01-23 11:48:13 CET.
Flavor | Version | Tinstall | Tcheck | Ttotal | Status | Flags |
---|---|---|---|---|---|---|
r-devel-linux-x86_64-debian-clang | 1.4.2 | 2.46 | 38.38 | 40.84 | OK | |
r-devel-linux-x86_64-debian-gcc | 1.4.2 | 2.00 | 29.15 | 31.15 | OK | |
r-devel-linux-x86_64-fedora-clang | 1.4.2 | 58.94 | NOTE | |||
r-devel-linux-x86_64-fedora-gcc | 1.4.2 | 48.16 | NOTE | |||
r-devel-windows-ix86+x86_64 | 1.4.2 | 7.00 | 63.00 | 70.00 | OK | |
r-patched-linux-x86_64 | 1.4.2 | 2.30 | 38.26 | 40.56 | OK | |
r-patched-solaris-x86 | 1.4.2 | 70.40 | NOTE | |||
r-release-linux-x86_64 | 1.4.2 | 2.51 | 37.16 | 39.67 | OK | |
r-release-macos-x86_64 | 1.4.2 | NOTE | ||||
r-release-windows-ix86+x86_64 | 1.4.2 | 33.00 | 57.00 | 90.00 | OK | |
r-oldrel-macos-x86_64 | 1.4.2 | NOTE | ||||
r-oldrel-windows-ix86+x86_64 | 1.4.2 | 4.00 | 49.00 | 53.00 | OK |
Version: 1.4.2
Check: dependencies in R code
Result: NOTE
Namespace in Imports field not imported from: ‘XML’
All declared Imports should be used.
Flavors: r-devel-linux-x86_64-fedora-clang, r-devel-linux-x86_64-fedora-gcc, r-patched-solaris-x86, r-release-macos-x86_64, r-oldrel-macos-x86_64