CRAN Package Check Results for Package GetQuandlData

Last updated on 2021-02-25 11:47:25 CET.

Flavor Version Tinstall Tcheck Ttotal Status Flags
r-devel-linux-x86_64-debian-clang 0.1.0 1.93 24.62 26.55 OK
r-devel-linux-x86_64-debian-gcc 0.1.0 1.52 18.86 20.38 OK
r-devel-linux-x86_64-fedora-clang 0.1.0 45.32 NOTE
r-devel-linux-x86_64-fedora-gcc 0.1.0 32.05 NOTE
r-devel-windows-ix86+x86_64 0.1.0 4.00 31.00 35.00 OK
r-patched-linux-x86_64 0.1.0 2.04 23.50 25.54 OK
r-patched-solaris-x86 0.1.0 46.80 NOTE
r-release-linux-x86_64 0.1.0 1.79 23.56 25.35 OK
r-release-macos-x86_64 0.1.0 NOTE
r-release-windows-ix86+x86_64 0.1.0 6.00 41.00 47.00 OK
r-oldrel-macos-x86_64 0.1.0 NOTE
r-oldrel-windows-ix86+x86_64 0.1.0 3.00 34.00 37.00 OK

Check Details

Version: 0.1.0
Check: dependencies in R code
Result: NOTE
    Namespaces in Imports field not imported from:
     ‘scales’ ‘stringr’
     All declared Imports should be used.
Flavors: r-devel-linux-x86_64-fedora-clang, r-devel-linux-x86_64-fedora-gcc, r-patched-solaris-x86, r-release-macos-x86_64, r-oldrel-macos-x86_64