CRAN Package Check Results for Package GetFREData

Last updated on 2021-09-22 07:51:17 CEST.

Flavor Version Tinstall Tcheck Ttotal Status Flags
r-devel-linux-x86_64-debian-clang 0.7 3.03 29.59 32.62 OK
r-devel-linux-x86_64-debian-gcc 0.7 2.22 22.70 24.92 OK
r-devel-linux-x86_64-fedora-clang 0.7 48.78 OK
r-devel-linux-x86_64-fedora-gcc 0.7 39.74 OK
r-devel-windows-x86_64 0.7 4.00 36.00 40.00 OK
r-devel-windows-x86_64-gcc10-UCRT 0.7 ERROR
r-patched-linux-x86_64 0.7 3.09 28.89 31.98 OK
r-patched-solaris-x86 0.7 57.10 OK
r-release-linux-x86_64 0.7 2.36 28.85 31.21 OK
r-release-macos-arm64 0.7 OK
r-release-macos-x86_64 0.7 OK
r-release-windows-ix86+x86_64 0.7 7.00 45.00 52.00 OK
r-oldrel-macos-x86_64 0.7 OK
r-oldrel-windows-ix86+x86_64 0.7 6.00 33.00 39.00 OK

Check Details

Version: 0.7
Check: package dependencies
Result: ERROR
    Packages required but not available: 'xml2', 'rvest', 'XML'
    
    See section 'The DESCRIPTION file' in the 'Writing R Extensions'
    manual.
Flavor: r-devel-windows-x86_64-gcc10-UCRT