CRAN Package Check Results for Package GeoRange

Last updated on 2021-06-16 19:49:47 CEST.

Flavor Version Tinstall Tcheck Ttotal Status Flags
r-devel-linux-x86_64-debian-clang 0.1.0 5.52 45.63 51.15 OK
r-devel-linux-x86_64-debian-gcc 0.1.0 3.83 34.38 38.21 OK
r-devel-linux-x86_64-fedora-clang 0.1.0 70.45 NOTE
r-devel-linux-x86_64-fedora-gcc 0.1.0 59.06 NOTE
r-devel-windows-x86_64 0.1.0 8.00 62.00 70.00 OK
r-devel-windows-x86_64-gcc10-UCRT 0.1.0 ERROR
r-patched-linux-x86_64 0.1.0 3.86 44.14 48.00 OK
r-patched-solaris-x86 0.1.0 88.00 NOTE
r-release-linux-x86_64 0.1.0 4.45 44.30 48.75 OK
r-release-macos-arm64 0.1.0 NOTE
r-release-macos-x86_64 0.1.0 NOTE
r-release-windows-ix86+x86_64 0.1.0 13.00 63.00 76.00 OK
r-oldrel-macos-x86_64 0.1.0 NOTE
r-oldrel-windows-ix86+x86_64 0.1.0 9.00 56.00 65.00 OK

Check Details

Version: 0.1.0
Check: dependencies in R code
Result: NOTE
    Namespace in Imports field not imported from: ‘velociraptr’
     All declared Imports should be used.
Flavors: r-devel-linux-x86_64-fedora-clang, r-devel-linux-x86_64-fedora-gcc, r-patched-solaris-x86, r-release-macos-arm64, r-release-macos-x86_64, r-oldrel-macos-x86_64

Version: 0.1.0
Check: package dependencies
Result: ERROR
    Package required but not available: 'velociraptr'
    
    See section 'The DESCRIPTION file' in the 'Writing R Extensions'
    manual.
Flavor: r-devel-windows-x86_64-gcc10-UCRT