Last updated on 2023-02-09 03:56:11 CET.
Flavor | Version | Tinstall | Tcheck | Ttotal | Status | Flags |
---|---|---|---|---|---|---|
r-devel-linux-x86_64-debian-clang | 0.5-2 | 43.42 | 125.56 | 168.98 | OK | |
r-devel-linux-x86_64-debian-gcc | 0.5-2 | 34.93 | 94.22 | 129.15 | OK | |
r-devel-linux-x86_64-fedora-clang | 0.5-2 | 224.24 | OK | |||
r-devel-linux-x86_64-fedora-gcc | 0.5-2 | 222.10 | OK | |||
r-devel-windows-x86_64 | 0.5-2 | 132.00 | 179.00 | 311.00 | OK | |
r-patched-linux-x86_64 | 0.5-2 | 40.16 | 122.27 | 162.43 | OK | |
r-release-linux-x86_64 | 0.5-2 | 36.46 | 125.20 | 161.66 | OK | |
r-release-macos-arm64 | 0.5-2 | 56.00 | OK | |||
r-release-macos-x86_64 | 0.5-2 | 78.00 | NOTE | |||
r-release-windows-x86_64 | 0.5-2 | 74.00 | 183.00 | 257.00 | OK | |
r-oldrel-macos-arm64 | 0.5-2 | 46.00 | OK | |||
r-oldrel-macos-x86_64 | 0.5-2 | 83.00 | NOTE | |||
r-oldrel-windows-ix86+x86_64 | 0.5-2 | 96.00 | 221.00 | 317.00 | OK |
Version: 0.5-2
Check: installed package size
Result: NOTE
installed size is 5.2Mb
sub-directories of 1Mb or more:
doc 1.4Mb
libs 3.6Mb
Flavors: r-release-macos-x86_64, r-oldrel-macos-x86_64