Last updated on 2021-02-26 11:50:53 CET.
Flavor | Version | Tinstall | Tcheck | Ttotal | Status | Flags |
---|---|---|---|---|---|---|
r-devel-linux-x86_64-debian-clang | 1.4.5.1 | 39.20 | 245.63 | 284.83 | OK | |
r-devel-linux-x86_64-debian-gcc | 1.4.5.1 | 29.51 | 179.72 | 209.23 | OK | |
r-devel-linux-x86_64-fedora-clang | 1.4.5.1 | 388.42 | NOTE | |||
r-devel-linux-x86_64-fedora-gcc | 1.4.5.1 | 354.55 | NOTE | |||
r-devel-windows-ix86+x86_64 | 1.4.5.1 | 63.00 | 272.00 | 335.00 | OK | |
r-patched-linux-x86_64 | 1.4.5.1 | 33.33 | 237.27 | 270.60 | OK | |
r-patched-solaris-x86 | 1.4.5.1 | 421.30 | NOTE | |||
r-release-linux-x86_64 | 1.4.5.1 | 34.57 | 236.78 | 271.35 | OK | |
r-release-macos-x86_64 | 1.4.5.1 | NOTE | ||||
r-release-windows-ix86+x86_64 | 1.4.5.1 | 82.00 | 331.00 | 413.00 | OK | |
r-oldrel-macos-x86_64 | 1.4.5.1 | NOTE | ||||
r-oldrel-windows-ix86+x86_64 | 1.4.5.1 | 52.00 | 254.00 | 306.00 | OK |
Version: 1.4.5.1
Check: dependencies in R code
Result: NOTE
Namespace in Imports field not imported from: ‘htmlwidgets’
All declared Imports should be used.
Flavors: r-devel-linux-x86_64-fedora-clang, r-devel-linux-x86_64-fedora-gcc, r-patched-solaris-x86, r-release-macos-x86_64, r-oldrel-macos-x86_64