CRAN Package Check Results for Package GauPro

Last updated on 2022-05-19 15:53:18 CEST.

Flavor Version Tinstall Tcheck Ttotal Status Flags
r-devel-linux-x86_64-debian-clang 0.2.4 228.24 132.10 360.34 OK
r-devel-linux-x86_64-debian-gcc 0.2.4 188.97 94.64 283.61 OK
r-devel-linux-x86_64-fedora-clang 0.2.4 565.97 NOTE
r-devel-linux-x86_64-fedora-gcc 0.2.4 517.58 OK
r-devel-windows-x86_64 0.2.4 199.00 179.00 378.00 OK
r-patched-linux-x86_64 0.2.4 211.58 126.25 337.83 OK
r-release-linux-x86_64 0.2.4 205.71 122.59 328.30 OK
r-release-macos-arm64 0.2.4 108.00 NOTE
r-release-macos-x86_64 0.2.4 143.00 NOTE
r-release-windows-x86_64 0.2.4 200.00 178.00 378.00 OK
r-oldrel-macos-arm64 0.2.4 121.00 NOTE
r-oldrel-macos-x86_64 0.2.4 213.00 NOTE
r-oldrel-windows-ix86+x86_64 0.2.4 595.00 259.00 854.00 OK

Check Details

Version: 0.2.4
Check: installed package size
Result: NOTE
     installed size is 5.8Mb
     sub-directories of 1Mb or more:
     libs 4.4Mb
Flavors: r-devel-linux-x86_64-fedora-clang, r-release-macos-arm64, r-release-macos-x86_64, r-oldrel-macos-arm64, r-oldrel-macos-x86_64