CRAN Package Check Results for Package GUniFrac

Last updated on 2022-01-21 19:48:37 CET.

Flavor Version Tinstall Tcheck Ttotal Status Flags
r-devel-linux-x86_64-debian-clang 1.4 31.71 167.99 199.70 OK
r-devel-linux-x86_64-debian-gcc 1.4 24.50 121.53 146.03 OK
r-devel-linux-x86_64-fedora-clang 1.4 249.28 NOTE
r-devel-linux-x86_64-fedora-gcc 1.4 224.34 OK
r-devel-windows-x86_64-new-UL 1.4 51.00 205.00 256.00 OK
r-devel-windows-x86_64-new-TK 1.4 OK
r-patched-linux-x86_64 1.4 35.43 156.40 191.83 OK
r-release-linux-x86_64 1.4 28.33 154.50 182.83 OK
r-release-macos-arm64 1.4 OK
r-release-macos-x86_64 1.4 OK
r-release-windows-ix86+x86_64 1.4 75.00 265.00 340.00 OK
r-oldrel-macos-x86_64 1.4 OK
r-oldrel-windows-ix86+x86_64 1.4 75.00 275.00 350.00 OK

Check Details

Version: 1.4
Check: Rd cross-references
Result: NOTE
    Undeclared package ‘permute’ in Rd xrefs
Flavor: r-devel-linux-x86_64-fedora-clang