Last updated on 2021-01-17 11:49:22 CET.
Flavor | Version | Tinstall | Tcheck | Ttotal | Status | Flags |
---|---|---|---|---|---|---|
r-devel-linux-x86_64-debian-clang | 1.2.7 | 13.67 | 61.91 | 75.58 | OK | |
r-devel-linux-x86_64-debian-gcc | 1.2.7 | 10.28 | 47.10 | 57.38 | OK | |
r-devel-linux-x86_64-fedora-clang | 1.2.7 | 107.65 | OK | |||
r-devel-linux-x86_64-fedora-gcc | 1.2.7 | 96.10 | OK | |||
r-devel-windows-ix86+x86_64 | 1.2.7 | 11.00 | 50.00 | 61.00 | OK | |
r-patched-linux-x86_64 | 1.2.7 | 13.39 | 57.74 | 71.13 | OK | |
r-patched-solaris-x86 | 1.2.7 | 108.10 | OK | |||
r-release-linux-x86_64 | 1.2.7 | 13.14 | 57.59 | 70.73 | OK | |
r-release-macos-x86_64 | 1.2.7 | ERROR | ||||
r-release-windows-ix86+x86_64 | 1.2.7 | 15.00 | 54.00 | 69.00 | OK | |
r-oldrel-macos-x86_64 | 1.2.7 | ERROR | ||||
r-oldrel-windows-ix86+x86_64 | 1.2.7 | 15.00 | 43.00 | 58.00 | OK |
Version: 1.2.7
Check: package dependencies
Result: ERROR
Package required but not available: ‘rpanel’
See section ‘The DESCRIPTION file’ in the ‘Writing R Extensions’
manual.
Flavors: r-release-macos-x86_64, r-oldrel-macos-x86_64