CRAN Package Check Results for Package GSODR

Last updated on 2021-06-21 11:52:06 CEST.

Flavor Version Tinstall Tcheck Ttotal Status Flags
r-devel-linux-x86_64-debian-clang 3.1.0 3.28 34.33 37.61 OK
r-devel-linux-x86_64-debian-gcc 3.1.0 2.27 26.30 28.57 OK
r-devel-linux-x86_64-fedora-clang 3.1.0 53.54 OK
r-devel-linux-x86_64-fedora-gcc 3.1.0 43.48 OK
r-devel-windows-x86_64 3.1.0 6.00 50.00 56.00 OK
r-devel-windows-x86_64-gcc10-UCRT 3.1.0 ERROR
r-patched-linux-x86_64 3.1.0 3.66 32.70 36.36 OK
r-patched-solaris-x86 3.1.0 64.60 OK
r-release-linux-x86_64 3.1.0 3.39 32.66 36.05 OK
r-release-macos-arm64 3.1.0 OK
r-release-macos-x86_64 3.1.0 OK
r-release-windows-ix86+x86_64 3.1.0 7.00 50.00 57.00 OK
r-oldrel-macos-x86_64 3.1.0 OK

Additional issues

donttest

Check Details

Version: 3.1.0
Check: package dependencies
Result: ERROR
    Packages required but not available: 'curl', 'httr'
    
    See section 'The DESCRIPTION file' in the 'Writing R Extensions'
    manual.
Flavor: r-devel-windows-x86_64-gcc10-UCRT