CRAN Package Check Results for Package GSMX

Last updated on 2021-09-21 15:50:55 CEST.

Flavor Version Tinstall Tcheck Ttotal Status Flags
r-devel-linux-x86_64-debian-clang 1.3 2.01 24.33 26.34 OK
r-devel-linux-x86_64-debian-gcc 1.3 1.54 19.32 20.86 OK
r-devel-linux-x86_64-fedora-clang 1.3 41.50 OK
r-devel-linux-x86_64-fedora-gcc 1.3 30.63 OK
r-devel-windows-x86_64 1.3 7.00 30.00 37.00 OK
r-devel-windows-x86_64-gcc10-UCRT 1.3 ERROR
r-patched-linux-x86_64 1.3 2.06 23.74 25.80 OK
r-patched-solaris-x86 1.3 48.70 OK
r-release-linux-x86_64 1.3 1.82 23.83 25.65 OK
r-release-macos-arm64 1.3 OK
r-release-macos-x86_64 1.3 OK
r-release-windows-ix86+x86_64 1.3 6.00 39.00 45.00 OK
r-oldrel-macos-x86_64 1.3 OK
r-oldrel-windows-ix86+x86_64 1.3 4.00 30.00 34.00 OK

Check Details

Version: 1.3
Check: whether package can be installed
Result: WARN
    Found the following significant warnings:
     WARNING: installation-time patches will not be applied, could not get the patches index
Flavor: r-devel-windows-x86_64-gcc10-UCRT

Version: 1.3
Check: PDF version of manual
Result: WARN
    LaTeX errors when creating PDF version.
    This typically indicates Rd problems.
Flavor: r-devel-windows-x86_64-gcc10-UCRT

Version: 1.3
Check: PDF version of manual without hyperrefs or index
Result: ERROR
    Re-running with no redirection of stdout/stderr.
Flavor: r-devel-windows-x86_64-gcc10-UCRT