Last updated on 2021-02-25 11:47:26 CET.
Flavor | Version | Tinstall | Tcheck | Ttotal | Status | Flags |
---|---|---|---|---|---|---|
r-devel-linux-x86_64-debian-clang | 0.1.3 | 144.55 | 71.59 | 216.14 | OK | |
r-devel-linux-x86_64-debian-gcc | 0.1.3 | 93.54 | 45.63 | 139.17 | OK | |
r-devel-linux-x86_64-fedora-clang | 0.1.3 | 307.98 | NOTE | |||
r-devel-linux-x86_64-fedora-gcc | 0.1.3 | 264.27 | OK | |||
r-devel-windows-ix86+x86_64 | 0.1.3 | 238.00 | 85.00 | 323.00 | OK | |
r-patched-linux-x86_64 | 0.1.3 | 112.56 | 57.53 | 170.09 | OK | |
r-patched-solaris-x86 | 0.1.3 | 272.90 | OK | |||
r-release-linux-x86_64 | 0.1.3 | 108.38 | 57.39 | 165.77 | OK | |
r-release-macos-x86_64 | 0.1.3 | NOTE | ||||
r-release-windows-ix86+x86_64 | 0.1.3 | 322.00 | 108.00 | 430.00 | OK | |
r-oldrel-macos-x86_64 | 0.1.3 | NOTE | ||||
r-oldrel-windows-ix86+x86_64 | 0.1.3 | 222.00 | 82.00 | 304.00 | OK |
Version: 0.1.3
Check: installed package size
Result: NOTE
installed size is 6.1Mb
sub-directories of 1Mb or more:
libs 5.6Mb
Flavors: r-devel-linux-x86_64-fedora-clang, r-release-macos-x86_64, r-oldrel-macos-x86_64