CRAN Package Check Results for Package GPCERF

Last updated on 2023-02-05 03:53:48 CET.

Flavor Version Tinstall Tcheck Ttotal Status Flags
r-devel-linux-x86_64-debian-clang 0.2.0 42.02 509.80 551.82 NOTE
r-devel-linux-x86_64-debian-gcc 0.2.0 30.58 317.77 348.35 NOTE
r-devel-linux-x86_64-fedora-clang 0.2.0 595.19 NOTE
r-devel-linux-x86_64-fedora-gcc 0.2.0 565.16 NOTE
r-devel-windows-x86_64 0.2.0 73.00 678.00 751.00 NOTE
r-patched-linux-x86_64 0.2.0 36.19 406.00 442.19 OK
r-release-linux-x86_64 0.2.0 40.33 404.55 444.88 OK
r-release-macos-arm64 0.2.0 159.00 OK
r-release-macos-x86_64 0.2.0 265.00 OK
r-release-windows-x86_64 0.2.0 66.00 672.00 738.00 OK
r-oldrel-macos-arm64 0.2.0 152.00 OK
r-oldrel-macos-x86_64 0.2.0 256.00 OK
r-oldrel-windows-ix86+x86_64 0.2.0 101.00 952.00 1053.00 ERROR

Check Details

Version: 0.2.0
Check: C++ specification
Result: NOTE
     Specified C++11: please update to current default of C++17
Flavors: r-devel-linux-x86_64-debian-clang, r-devel-linux-x86_64-debian-gcc, r-devel-linux-x86_64-fedora-clang, r-devel-linux-x86_64-fedora-gcc, r-devel-windows-x86_64

Version: 0.2.0
Check: running tests for arch ‘i386’
Result: ERROR
     Running 'testthat.R' [286s]
    Running the tests in 'tests/testthat.R' failed.
    Complete output:
     > library(testthat)
     > library(GPCERF)
     >
     > test_check("GPCERF")
     2023-02-03 04:47:32 CRANWIN 18700 GPCERF train_gps INFO: Started estimating GPS values ...
     Loading required package: nnls
     2023-02-03 04:47:46 CRANWIN 18700 GPCERF train_gps INFO: Started estimating GPS values ...
     2023-02-03 04:48:00 CRANWIN 18700 GPCERF train_gps INFO: Started estimating GPS values ...
     2023-02-03 04:48:19 CRANWIN 18700 GPCERF train_gps INFO: Started estimating GPS values ...
     2023-02-03 04:48:32 CRANWIN 18700 GPCERF train_gps INFO: Started estimating GPS values ...
     2023-02-03 04:48:45 CRANWIN 18700 GPCERF estimate_noise_nn INFO: Working on estimating residual error with nngp ...
     starting worker pid=55152 on localhost:11666 at 04:48:46.319
     2023-02-03 04:48:50 CRANWIN 18700 GPCERF estimate_noise_nn INFO: Done with estimating residual error with nngpWall clock time: 4.20999999999999 s.
     2023-02-03 04:48:50 CRANWIN 18700 GPCERF train_gps INFO: Started estimating GPS values ...
     2023-02-03 04:49:03 CRANWIN 18700 GPCERF train_gps INFO: Started estimating GPS values ...
     2023-02-03 04:49:17 CRANWIN 18700 GPCERF train_gps INFO: Started estimating GPS values ...
     [1] train-rmse:8.182872
     [2] train-rmse:6.426709
     [3] train-rmse:5.238456
     [4] train-rmse:4.417770
     [5] train-rmse:3.714199
     [6] train-rmse:3.199701
     [7] train-rmse:2.772024
     [8] train-rmse:2.431168
     [9] train-rmse:2.193286
     [10] train-rmse:2.022729
     [11] train-rmse:1.872023
     [12] train-rmse:1.722789
     [13] train-rmse:1.519293
     [14] train-rmse:1.434294
     [15] train-rmse:1.353402
     [16] train-rmse:1.253249
     [17] train-rmse:1.206950
     [18] train-rmse:1.163431
     [19] train-rmse:1.050253
     [20] train-rmse:1.023109
     [21] train-rmse:0.952899
     [22] train-rmse:0.870721
     [23] train-rmse:0.812226
     [24] train-rmse:0.708909
     [25] train-rmse:0.653647
     [26] train-rmse:0.601754
     [27] train-rmse:0.564925
     [28] train-rmse:0.524051
     [29] train-rmse:0.472632
     [30] train-rmse:0.457999
     [31] train-rmse:0.424110
     [32] train-rmse:0.401561
     [33] train-rmse:0.370844
     [34] train-rmse:0.339035
     [35] train-rmse:0.305074
     [36] train-rmse:0.280104
     [37] train-rmse:0.263870
     [38] train-rmse:0.251769
     [39] train-rmse:0.242262
     [40] train-rmse:0.238355
     [41] train-rmse:0.226590
     [42] train-rmse:0.215206
     [43] train-rmse:0.205528
     [44] train-rmse:0.183962
     [45] train-rmse:0.167752
     [46] train-rmse:0.151896
     [47] train-rmse:0.143509
     [48] train-rmse:0.130744
     [49] train-rmse:0.122127
     [50] train-rmse:0.109059
     2023-02-03 04:49:31 CRANWIN 18700 GPCERF train_gps INFO: Started estimating GPS values ...
     2023-02-03 04:49:45 CRANWIN 18700 GPCERF log_system_info INFO: System name: Windows, OS type: windows, machine architecture: x86, user: CRAN, R version 4.1.3 (2022-03-10), detected cores: 32
     2023-02-03 04:49:51 CRANWIN 18700 GPCERF train_gps INFO: Started estimating GPS values ...
     2023-02-03 04:50:04 CRANWIN 18700 GPCERF log_system_info INFO: System name: Windows, OS type: windows, machine architecture: x86, user: CRAN, R version 4.1.3 (2022-03-10), detected cores: 32
     2023-02-03 04:50:04 CRANWIN 18700 GPCERF log_system_info INFO: System name: Windows, OS type: windows, machine architecture: x86, user: CRAN, R version 4.1.3 (2022-03-10), detected cores: 32
     2023-02-03 04:50:04 CRANWIN 18700 GPCERF log_system_info INFO: System name: Windows, OS type: windows, machine architecture: x86, user: CRAN, R version 4.1.3 (2022-03-10), detected cores: 32
     2023-02-03 04:50:04 CRANWIN 18700 GPCERF log_system_info INFO: System name: Windows, OS type: windows, machine architecture: x86, user: CRAN, R version 4.1.3 (2022-03-10), detected cores: 32
     2023-02-03 04:50:04 CRANWIN 18700 GPCERF log_system_info INFO: System name: Windows, OS type: windows, machine architecture: x86, user: CRAN, R version 4.1.3 (2022-03-10), detected cores: 32
     2023-02-03 04:50:04 CRANWIN 18700 GPCERF log_system_info INFO: System name: Windows, OS type: windows, machine architecture: x86, user: CRAN, R version 4.1.3 (2022-03-10), detected cores: 32
     2023-02-03 04:50:04 CRANWIN 18700 GPCERF train_gps INFO: Started estimating GPS values ...
     2023-02-03 04:50:17 CRANWIN 18700 GPCERF log_system_info INFO: System name: Windows, OS type: windows, machine architecture: x86, user: CRAN, R version 4.1.3 (2022-03-10), detected cores: 32
     starting worker pid=53720 on localhost:11666 at 04:50:17.523
     starting worker pid=6224 on localhost:11666 at 04:50:17.523
     2023-02-03 04:50:29 CRANWIN 18700 GPCERF train_gps INFO: Started estimating GPS values ...
     2023-02-03 04:50:42 CRANWIN 18700 GPCERF log_system_info INFO: System name: Windows, OS type: windows, machine architecture: x86, user: CRAN, R version 4.1.3 (2022-03-10), detected cores: 32
     2023-02-03 04:50:42 CRANWIN 18700 GPCERF estimate_cerf_nngp INFO: Working on estimating cerf using nngp approach ...
     2023-02-03 04:50:42 CRANWIN 18700 GPCERF find_optimal_nn INFO: Started finding optimal values ...
     starting worker pid=92008 on localhost:11666 at 04:50:42.568
     2023-02-03 04:50:48 CRANWIN 18700 GPCERF find_optimal_nn INFO: Done with finding optimal value.(Wall clock time: 6.40000000000001 s.} ...
     2023-02-03 04:50:48 CRANWIN 18700 GPCERF estimate_noise_nn INFO: Working on estimating residual error with nngp ...
     starting worker pid=38220 on localhost:11666 at 04:50:48.952
     2023-02-03 04:50:52 CRANWIN 18700 GPCERF estimate_noise_nn INFO: Done with estimating residual error with nngpWall clock time: 4.03999999999999 s.
     2023-02-03 04:50:52 CRANWIN 18700 GPCERF estimate_mean_sd_nn INFO: Working on estimating mean and sd using nngp approach ...
     starting worker pid=34584 on localhost:11666 at 04:50:53.050
     2023-02-03 04:50:57 CRANWIN 18700 GPCERF estimate_mean_sd_nn INFO: Done with estimating mean and sd using nngp approach Wall clock time: 4.75999999999999 s.
     2023-02-03 04:50:57 CRANWIN 18700 GPCERF estimate_cerf_nngp INFO: Done with estimating cerf using nngp approach Wall clock time: 15.22 s.
     2023-02-03 04:50:57 CRANWIN 18700 GPCERF log_system_info INFO: System name: Windows, OS type: windows, machine architecture: x86, user: CRAN, R version 4.1.3 (2022-03-10), detected cores: 32
     2023-02-03 04:50:57 CRANWIN 18700 GPCERF estimate_cerf_nngp INFO: Working on estimating cerf using nngp approach ...
     2023-02-03 04:50:57 CRANWIN 18700 GPCERF log_system_info INFO: System name: Windows, OS type: windows, machine architecture: x86, user: CRAN, R version 4.1.3 (2022-03-10), detected cores: 32
     2023-02-03 04:50:57 CRANWIN 18700 GPCERF estimate_cerf_nngp INFO: Working on estimating cerf using nngp approach ...
     2023-02-03 04:50:57 CRANWIN 18700 GPCERF train_gps INFO: Started estimating GPS values ...
     2023-02-03 04:51:10 CRANWIN 18700 GPCERF estimate_noise_nn INFO: Working on estimating residual error with nngp ...
     starting worker pid=20528 on localhost:11666 at 04:51:11.291
     2023-02-03 04:51:15 CRANWIN 18700 GPCERF estimate_noise_nn INFO: Done with estimating residual error with nngpWall clock time: 4.30000000000001 s.
     2023-02-03 04:51:15 CRANWIN 18700 GPCERF estimate_mean_sd_nn INFO: Working on estimating mean and sd using nngp approach ...
     starting worker pid=100276 on localhost:11666 at 04:51:15.596
     2023-02-03 04:51:19 CRANWIN 18700 GPCERF estimate_mean_sd_nn INFO: Done with estimating mean and sd using nngp approach Wall clock time: 4.59999999999999 s.
     2023-02-03 04:51:19 CRANWIN 18700 GPCERF train_gps INFO: Started estimating GPS values ...
     2023-02-03 04:51:30 CRANWIN 18700 GPCERF train_gps INFO: Started estimating GPS values ...
     2023-02-03 04:51:44 CRANWIN 18700 GPCERF estimate_noise_nn INFO: Working on estimating residual error with nngp ...
     starting worker pid=52500 on localhost:11666 at 04:51:44.353
     2023-02-03 04:51:47 CRANWIN 18700 GPCERF estimate_noise_nn INFO: Done with estimating residual error with nngpWall clock time: 3.89999999999998 s.
     2023-02-03 04:51:47 CRANWIN 18700 GPCERF train_gps INFO: Started estimating GPS values ...
     2023-02-03 04:52:01 CRANWIN 18700 GPCERF find_optimal_nn INFO: Started finding optimal values ...
     starting worker pid=37500 on localhost:11666 at 04:52:02.325
     2023-02-03 04:52:13 CRANWIN 18700 GPCERF find_optimal_nn INFO: Done with finding optimal value.(Wall clock time: 11.48 s.} ...
     [ FAIL 0 | WARN 0 | SKIP 0 | PASS 95 ]
     >
     > proc.time()
     user system elapsed
     208.57 19.64 285.73
Flavor: r-oldrel-windows-ix86+x86_64