CRAN Package Check Results for Package GNRS

Last updated on 2021-06-15 03:50:48 CEST.

Flavor Version Tinstall Tcheck Ttotal Status Flags
r-devel-linux-x86_64-debian-clang 0.2.0 2.32 38.04 40.36 OK
r-devel-linux-x86_64-debian-gcc 0.2.0 2.22 30.08 32.30 OK
r-devel-linux-x86_64-fedora-clang 0.2.0 57.90 NOTE
r-devel-linux-x86_64-fedora-gcc 0.2.0 47.83 NOTE
r-devel-windows-x86_64 0.2.0 5.00 89.00 94.00 OK
r-devel-windows-x86_64-gcc10-UCRT 0.2.0 NOTE
r-patched-linux-x86_64 0.2.0 2.84 37.14 39.98 OK
r-patched-solaris-x86 0.2.0 79.10 NOTE
r-release-linux-x86_64 0.2.0 2.74 36.86 39.60 OK
r-release-macos-arm64 0.2.0 NOTE
r-release-macos-x86_64 0.2.0 NOTE
r-release-windows-ix86+x86_64 0.2.0 7.00 93.00 100.00 OK
r-oldrel-macos-x86_64 0.2.0 NOTE
r-oldrel-windows-ix86+x86_64 0.2.0 7.00 92.00 99.00 OK

Check Details

Version: 0.2.0
Check: data for non-ASCII characters
Result: NOTE
     Note: found 3 marked UTF-8 strings
Flavors: r-devel-linux-x86_64-fedora-clang, r-devel-linux-x86_64-fedora-gcc, r-devel-windows-x86_64-gcc10-UCRT, r-patched-solaris-x86, r-release-macos-arm64, r-release-macos-x86_64, r-oldrel-macos-x86_64