CRAN Package Check Results for Package GNAR

Last updated on 2021-09-21 15:50:54 CEST.

Flavor Version Tinstall Tcheck Ttotal Status Flags
r-devel-linux-x86_64-debian-clang 1.1.1 5.14 45.34 50.48 OK
r-devel-linux-x86_64-debian-gcc 1.1.1 3.34 34.61 37.95 OK
r-devel-linux-x86_64-fedora-clang 1.1.1 68.42 OK
r-devel-linux-x86_64-fedora-gcc 1.1.1 57.72 OK
r-devel-windows-x86_64 1.1.1 6.00 48.00 54.00 OK
r-devel-windows-x86_64-gcc10-UCRT 1.1.1 ERROR
r-patched-linux-x86_64 1.1.1 5.04 43.83 48.87 OK
r-patched-solaris-x86 1.1.1 87.20 OK
r-release-linux-x86_64 1.1.1 4.79 43.39 48.18 OK
r-release-macos-arm64 1.1.1 OK
r-release-macos-x86_64 1.1.1 OK
r-release-windows-ix86+x86_64 1.1.1 11.00 68.00 79.00 OK
r-oldrel-macos-x86_64 1.1.1 OK
r-oldrel-windows-ix86+x86_64 1.1.1 9.00 52.00 61.00 OK

Check Details

Version: 1.1.1
Check: whether package can be installed
Result: WARN
    Found the following significant warnings:
     WARNING: installation-time patches will not be applied, could not get the patches index
Flavor: r-devel-windows-x86_64-gcc10-UCRT

Version: 1.1.1
Check: PDF version of manual
Result: WARN
    LaTeX errors when creating PDF version.
    This typically indicates Rd problems.
Flavor: r-devel-windows-x86_64-gcc10-UCRT

Version: 1.1.1
Check: PDF version of manual without hyperrefs or index
Result: ERROR
    Re-running with no redirection of stdout/stderr.
Flavor: r-devel-windows-x86_64-gcc10-UCRT