CRAN Package Check Results for Package GMZTests

Last updated on 2021-02-28 11:51:53 CET.

Flavor Version Tinstall Tcheck Ttotal Status Flags
r-devel-linux-x86_64-debian-clang 0.1.3 9.18 84.46 93.64 OK
r-devel-linux-x86_64-debian-gcc 0.1.3 8.80 66.79 75.59 OK
r-devel-linux-x86_64-fedora-clang 0.1.3 123.02 NOTE
r-devel-linux-x86_64-fedora-gcc 0.1.3 120.09 NOTE
r-devel-windows-ix86+x86_64 0.1.3 18.00 77.00 95.00 OK
r-patched-linux-x86_64 0.1.3 9.61 80.61 90.22 OK
r-patched-solaris-x86 0.1.3 171.10 NOTE
r-release-linux-x86_64 0.1.3 9.79 80.43 90.22 OK
r-release-macos-x86_64 0.1.3 NOTE
r-release-windows-ix86+x86_64 0.1.3 27.00 106.00 133.00 OK
r-oldrel-macos-x86_64 0.1.3 WARN
r-oldrel-windows-ix86+x86_64 0.1.3 16.00 88.00 104.00 OK

Check Details

Version: 0.1.3
Check: dependencies in R code
Result: NOTE
    Namespace in Imports field not imported from: ‘base’
     All declared Imports should be used.
Flavors: r-devel-linux-x86_64-fedora-clang, r-devel-linux-x86_64-fedora-gcc, r-patched-solaris-x86, r-release-macos-x86_64, r-oldrel-macos-x86_64

Version: 0.1.3
Check: whether package can be installed
Result: WARN
    Found the following significant warnings:
     Warning: 'rgl.init' failed, running with 'rgl.useNULL = TRUE'.
Flavor: r-oldrel-macos-x86_64