CRAN Package Check Results for Package GMDH2

Last updated on 2021-06-15 03:50:48 CEST.

Flavor Version Tinstall Tcheck Ttotal Status Flags
r-devel-linux-x86_64-debian-clang 1.6 12.76 105.80 118.56 OK
r-devel-linux-x86_64-debian-gcc 1.6 9.90 78.60 88.50 OK
r-devel-linux-x86_64-fedora-clang 1.6 150.14 NOTE
r-devel-linux-x86_64-fedora-gcc 1.6 136.05 OK
r-devel-windows-x86_64 1.6 19.00 126.00 145.00 OK
r-devel-windows-x86_64-gcc10-UCRT 1.6 OK
r-patched-linux-x86_64 1.6 12.84 99.05 111.89 OK
r-patched-solaris-x86 1.6 199.20 OK
r-release-linux-x86_64 1.6 11.08 99.61 110.69 OK
r-release-macos-arm64 1.6 OK
r-release-macos-x86_64 1.6 OK
r-release-windows-ix86+x86_64 1.6 28.00 129.00 157.00 OK
r-oldrel-macos-x86_64 1.6 OK
r-oldrel-windows-ix86+x86_64 1.6 21.00 157.00 178.00 OK

Check Details

Version: 1.6
Check: Rd cross-references
Result: NOTE
    Undeclared package ‘caret’ in Rd xrefs
Flavor: r-devel-linux-x86_64-fedora-clang