Last updated on 2021-04-12 23:48:02 CEST.
Flavor | Version | Tinstall | Tcheck | Ttotal | Status | Flags |
---|---|---|---|---|---|---|
r-devel-linux-x86_64-debian-clang | 2.0.0 | 37.65 | 67.47 | 105.12 | OK | |
r-devel-linux-x86_64-debian-gcc | 2.0.0 | 24.97 | 50.03 | 75.00 | OK | |
r-devel-linux-x86_64-fedora-clang | 2.0.0 | 141.52 | NOTE | |||
r-devel-linux-x86_64-fedora-gcc | 2.0.0 | 124.88 | NOTE | |||
r-devel-windows-ix86+x86_64 | 2.0.0 | 88.00 | 130.00 | 218.00 | OK | |
r-devel-windows-x86_64-gcc10-UCRT | 2.0.0 | NOTE | ||||
r-patched-linux-x86_64 | 2.0.0 | 30.49 | 61.72 | 92.21 | OK | |
r-patched-solaris-x86 | 2.0.0 | 144.40 | NOTE | |||
r-release-linux-x86_64 | 2.0.0 | 29.98 | 62.84 | 92.82 | OK | |
r-release-macos-x86_64 | 2.0.0 | NOTE | ||||
r-release-windows-ix86+x86_64 | 2.0.0 | 85.00 | 130.00 | 215.00 | OK | |
r-oldrel-macos-x86_64 | 2.0.0 | ERROR |
Version: 2.0.0
Check: dependencies in R code
Result: NOTE
Namespaces in Imports field not imported from:
‘Rdpack’ ‘mathjaxr’
All declared Imports should be used.
Flavors: r-devel-linux-x86_64-fedora-clang, r-devel-linux-x86_64-fedora-gcc, r-devel-windows-x86_64-gcc10-UCRT, r-patched-solaris-x86, r-release-macos-x86_64
Version: 2.0.0
Check: whether package can be installed
Result: ERROR
Installation failed.
Flavor: r-oldrel-macos-x86_64