CRAN Package Check Results for Package GDINA

Last updated on 2024-05-30 16:48:06 CEST.

Flavor Version Tinstall Tcheck Ttotal Status Flags
r-devel-linux-x86_64-debian-clang 2.9.4 282.01 135.18 417.19 NOTE
r-devel-linux-x86_64-debian-gcc 2.9.4 189.99 95.91 285.90 NOTE
r-devel-linux-x86_64-fedora-clang 2.9.4 574.27 NOTE
r-devel-linux-x86_64-fedora-gcc 2.9.4 606.10 NOTE
r-devel-windows-x86_64 2.9.4 206.00 140.00 346.00 NOTE
r-patched-linux-x86_64 2.9.4 154.21 126.90 281.11 NOTE
r-release-linux-x86_64 2.9.4 172.92 127.02 299.94 NOTE
r-release-macos-arm64 2.9.4 113.00 NOTE
r-release-windows-x86_64 2.9.4 198.00 141.00 339.00 NOTE
r-oldrel-macos-arm64 2.9.4 103.00 NOTE
r-oldrel-macos-x86_64 2.9.4 181.00 NOTE
r-oldrel-windows-x86_64 2.9.4 260.00 170.00 430.00 OK

Check Details

Version: 2.9.4
Check: Rd files
Result: NOTE checkRd: (-1) GMSCDM.Rd:25: Lost braces; missing escapes or markup? 25 | representing restricted GMS-DINA and GMS-DINO models where delta_{jm1} are equal for all strategies. Note that only a single model can be used | ^ Flavors: r-devel-linux-x86_64-debian-clang, r-devel-linux-x86_64-debian-gcc, r-devel-linux-x86_64-fedora-clang, r-devel-linux-x86_64-fedora-gcc, r-devel-windows-x86_64, r-patched-linux-x86_64, r-release-linux-x86_64, r-release-macos-arm64, r-release-windows-x86_64

Version: 2.9.4
Check: installed package size
Result: NOTE installed size is 12.9Mb sub-directories of 1Mb or more: libs 11.9Mb Flavors: r-release-macos-arm64, r-oldrel-macos-arm64, r-oldrel-macos-x86_64