Last updated on 2021-01-17 11:49:21 CET.
Flavor | Version | Tinstall | Tcheck | Ttotal | Status | Flags |
---|---|---|---|---|---|---|
r-devel-linux-x86_64-debian-clang | 1.2.2 | 17.93 | 48.46 | 66.39 | OK | |
r-devel-linux-x86_64-debian-gcc | 1.2.2 | 13.48 | 37.78 | 51.26 | OK | |
r-devel-linux-x86_64-fedora-clang | 1.2.2 | 94.81 | NOTE | |||
r-devel-linux-x86_64-fedora-gcc | 1.2.2 | 86.21 | NOTE | |||
r-devel-windows-ix86+x86_64 | 1.2.2 | 32.00 | 86.00 | 118.00 | OK | |
r-patched-linux-x86_64 | 1.2.2 | 16.50 | 46.24 | 62.74 | OK | |
r-patched-solaris-x86 | 1.2.2 | 114.70 | OK | |||
r-release-linux-x86_64 | 1.2.2 | 16.03 | 46.96 | 62.99 | OK | |
r-release-macos-x86_64 | 1.2.2 | OK | ||||
r-release-windows-ix86+x86_64 | 1.2.2 | 37.00 | 86.00 | 123.00 | OK | |
r-oldrel-macos-x86_64 | 1.2.2 | OK | ||||
r-oldrel-windows-ix86+x86_64 | 1.2.2 | 35.00 | 70.00 | 105.00 | OK |
Version: 1.2.2
Check: compiled code
Result: NOTE
File ‘GCPM/libs/GCPM.so’:
Found no calls to: ‘R_registerRoutines’, ‘R_useDynamicSymbols’
It is good practice to register native routines and to disable symbol
search.
See ‘Writing portable packages’ in the ‘Writing R Extensions’ manual.
Flavors: r-devel-linux-x86_64-fedora-clang, r-devel-linux-x86_64-fedora-gcc