CRAN Package Check Results for Package GARCHIto

Last updated on 2021-09-21 15:50:53 CEST.

Flavor Version Tinstall Tcheck Ttotal Status Flags
r-devel-linux-x86_64-debian-clang 0.1.0 2.53 73.46 75.99 OK
r-devel-linux-x86_64-debian-gcc 0.1.0 1.83 54.77 56.60 OK
r-devel-linux-x86_64-fedora-clang 0.1.0 94.71 OK
r-devel-linux-x86_64-fedora-gcc 0.1.0 87.63 OK
r-devel-windows-x86_64 0.1.0 4.00 75.00 79.00 OK
r-devel-windows-x86_64-gcc10-UCRT 0.1.0 ERROR
r-patched-linux-x86_64 0.1.0 2.25 69.59 71.84 OK
r-patched-solaris-x86 0.1.0 112.70 OK
r-release-linux-x86_64 0.1.0 2.33 69.27 71.60 OK
r-release-macos-arm64 0.1.0 OK
r-release-macos-x86_64 0.1.0 OK
r-release-windows-ix86+x86_64 0.1.0 6.00 95.00 101.00 OK
r-oldrel-macos-x86_64 0.1.0 OK
r-oldrel-windows-ix86+x86_64 0.1.0 6.00 94.00 100.00 OK

Check Details

Version: 0.1.0
Check: whether package can be installed
Result: WARN
    Found the following significant warnings:
     WARNING: installation-time patches will not be applied, could not get the patches index
Flavor: r-devel-windows-x86_64-gcc10-UCRT

Version: 0.1.0
Check: PDF version of manual
Result: WARN
    LaTeX errors when creating PDF version.
    This typically indicates Rd problems.
Flavor: r-devel-windows-x86_64-gcc10-UCRT

Version: 0.1.0
Check: PDF version of manual without hyperrefs or index
Result: ERROR
    Re-running with no redirection of stdout/stderr.
Flavor: r-devel-windows-x86_64-gcc10-UCRT