CRAN Package Check Results for Package G2Sd

Last updated on 2021-06-17 03:50:58 CEST.

Flavor Version Tinstall Tcheck Ttotal Status Flags
r-devel-linux-x86_64-debian-clang 2.1.5 12.06 110.72 122.78 OK
r-devel-linux-x86_64-debian-gcc 2.1.5 9.53 83.01 92.54 OK
r-devel-linux-x86_64-fedora-clang 2.1.5 149.62 OK
r-devel-linux-x86_64-fedora-gcc 2.1.5 139.61 OK
r-devel-windows-x86_64 2.1.5 16.00 110.00 126.00 OK
r-devel-windows-x86_64-gcc10-UCRT 2.1.5 OK
r-patched-linux-x86_64 2.1.5 10.80 105.44 116.24 OK
r-patched-solaris-x86 2.1.5 161.70 OK
r-release-linux-x86_64 2.1.5 10.89 105.61 116.50 OK
r-release-macos-arm64 2.1.5 ERROR
r-release-macos-x86_64 2.1.5 OK
r-release-windows-ix86+x86_64 2.1.5 25.00 109.00 134.00 OK
r-oldrel-macos-x86_64 2.1.5 OK
r-oldrel-windows-ix86+x86_64 2.1.5 21.00 99.00 120.00 OK

Check Details

Version: 2.1.5
Check: whether package can be installed
Result: ERROR
    Installation failed.
Flavor: r-release-macos-arm64