Last updated on 2021-02-24 19:48:07 CET.
Flavor | Version | Tinstall | Tcheck | Ttotal | Status | Flags |
---|---|---|---|---|---|---|
r-devel-linux-x86_64-debian-clang | 0.1.1 | 4.31 | 76.02 | 80.33 | NOTE | |
r-devel-linux-x86_64-debian-gcc | 0.1.1 | 3.39 | 57.05 | 60.44 | NOTE | |
r-devel-linux-x86_64-fedora-clang | 0.1.1 | 103.46 | OK | |||
r-devel-linux-x86_64-fedora-gcc | 0.1.1 | 99.04 | OK | |||
r-devel-windows-ix86+x86_64 | 0.1.1 | 6.00 | 68.00 | 74.00 | NOTE | |
r-patched-linux-x86_64 | 0.1.1 | 3.65 | 73.39 | 77.04 | NOTE | |
r-patched-solaris-x86 | 0.1.1 | 171.20 | OK | |||
r-release-linux-x86_64 | 0.1.1 | 3.74 | 73.46 | 77.20 | NOTE | |
r-release-macos-x86_64 | 0.1.1 | OK | ||||
r-release-windows-ix86+x86_64 | 0.1.1 | 16.00 | 98.00 | 114.00 | NOTE | |
r-oldrel-macos-x86_64 | 0.1.1 | OK | ||||
r-oldrel-windows-ix86+x86_64 | 0.1.1 | 5.00 | 83.00 | 88.00 | OK |
Version: 0.1.1
Check: package vignettes
Result: NOTE
Package vignette with placeholder title 'Vignette Title':
'FusionLearn.Rmd'
Flavors: r-devel-linux-x86_64-debian-clang, r-devel-linux-x86_64-debian-gcc, r-devel-windows-ix86+x86_64, r-patched-linux-x86_64, r-release-linux-x86_64, r-release-windows-ix86+x86_64