CRAN Package Check Results for Package FrF2

Last updated on 2021-04-12 23:48:01 CEST.

Flavor Version Tinstall Tcheck Ttotal Status Flags
r-devel-linux-x86_64-debian-clang 2.2-2 15.35 158.99 174.34 NOTE
r-devel-linux-x86_64-debian-gcc 2.2-2 14.10 113.04 127.14 NOTE
r-devel-linux-x86_64-fedora-clang 2.2-2 207.32 NOTE
r-devel-linux-x86_64-fedora-gcc 2.2-2 199.84 NOTE
r-devel-windows-ix86+x86_64 2.2-2 27.00 181.00 208.00 NOTE
r-devel-windows-x86_64-gcc10-UCRT 2.2-2 NOTE
r-patched-linux-x86_64 2.2-2 16.85 145.32 162.17 OK
r-patched-solaris-x86 2.2-2 263.00 OK
r-release-linux-x86_64 2.2-2 13.25 145.46 158.71 OK
r-release-macos-x86_64 2.2-2 OK
r-release-windows-ix86+x86_64 2.2-2 21.00 182.00 203.00 OK
r-oldrel-macos-x86_64 2.2-2 OK
r-oldrel-windows-ix86+x86_64 2.2-2 25.00 134.00 159.00 OK

Check Details

Version: 2.2-2
Check: LazyData
Result: NOTE
     'LazyData' is specified without a 'data' directory
Flavors: r-devel-linux-x86_64-debian-clang, r-devel-linux-x86_64-debian-gcc, r-devel-linux-x86_64-fedora-clang, r-devel-linux-x86_64-fedora-gcc, r-devel-windows-ix86+x86_64, r-devel-windows-x86_64-gcc10-UCRT

Version: 2.2-2
Check: Rd cross-references
Result: NOTE
    Undeclared package ‘DoE.wrapper’ in Rd xrefs
Flavor: r-devel-linux-x86_64-fedora-clang