CRAN Package Check Results for Package FoReco

Last updated on 2021-06-18 15:50:25 CEST.

Flavor Version Tinstall Tcheck Ttotal Status Flags
r-devel-linux-x86_64-debian-clang 0.2.0 14.69 105.20 119.89 OK
r-devel-linux-x86_64-debian-gcc 0.2.0 11.91 79.63 91.54 OK
r-devel-linux-x86_64-fedora-clang 0.2.0 150.64 NOTE
r-devel-linux-x86_64-fedora-gcc 0.2.0 140.39 NOTE
r-devel-windows-x86_64 0.2.0 20.00 101.00 121.00 OK
r-devel-windows-x86_64-gcc10-UCRT 0.2.0 NOTE
r-patched-linux-x86_64 0.2.0 13.34 100.83 114.17 OK
r-patched-solaris-x86 0.2.0 180.60 NOTE
r-release-linux-x86_64 0.2.0 13.71 101.04 114.75 OK
r-release-macos-arm64 0.2.0 NOTE
r-release-macos-x86_64 0.2.0 NOTE
r-release-windows-ix86+x86_64 0.2.0 26.00 124.00 150.00 OK
r-oldrel-macos-x86_64 0.2.0 NOTE
r-oldrel-windows-ix86+x86_64 0.2.0 18.00 131.00 149.00 OK

Check Details

Version: 0.2.0
Check: dependencies in R code
Result: NOTE
    Namespace in Imports field not imported from: ‘mathjaxr’
     All declared Imports should be used.
Flavors: r-devel-linux-x86_64-fedora-clang, r-devel-linux-x86_64-fedora-gcc, r-devel-windows-x86_64-gcc10-UCRT, r-patched-solaris-x86, r-release-macos-arm64, r-release-macos-x86_64, r-oldrel-macos-x86_64