CRAN Package Check Results for Package FlexScan

Last updated on 2021-06-12 23:49:07 CEST.

Flavor Version Tinstall Tcheck Ttotal Status Flags
r-devel-linux-x86_64-debian-clang 0.2.0 17.81 143.16 160.97 OK
r-devel-linux-x86_64-debian-gcc 0.2.0 13.88 106.22 120.10 OK
r-devel-linux-x86_64-fedora-clang 0.2.0 198.58 OK
r-devel-linux-x86_64-fedora-gcc 0.2.0 187.46 OK
r-devel-windows-x86_64 0.2.0 25.00 162.00 187.00 OK
r-devel-windows-x86_64-gcc10-UCRT 0.2.0 ERROR
r-patched-linux-x86_64 0.2.0 16.42 133.55 149.97 OK
r-patched-solaris-x86 0.2.0 261.30 OK
r-release-linux-x86_64 0.2.0 14.51 133.94 148.45 OK
r-release-macos-arm64 0.2.0 OK
r-release-macos-x86_64 0.2.0 OK
r-release-windows-ix86+x86_64 0.2.0 39.00 164.00 203.00 OK
r-oldrel-macos-x86_64 0.2.0 OK
r-oldrel-windows-ix86+x86_64 0.2.0 41.00 180.00 221.00 OK

Check Details

Version: 0.2.0
Check: package dependencies
Result: ERROR
    Package required but not available: 'spdep'
    
    See section 'The DESCRIPTION file' in the 'Writing R Extensions'
    manual.
Flavor: r-devel-windows-x86_64-gcc10-UCRT