CRAN Package Check Results for Package FisHiCal

Last updated on 2021-06-19 23:49:18 CEST.

Flavor Version Tinstall Tcheck Ttotal Status Flags
r-devel-linux-x86_64-debian-clang 1.1 26.00 40.65 66.65 NOTE
r-devel-linux-x86_64-debian-gcc 1.1 18.75 31.70 50.45 NOTE
r-devel-linux-x86_64-fedora-clang 1.1 99.14 NOTE
r-devel-linux-x86_64-fedora-gcc 1.1 83.13 NOTE
r-devel-windows-x86_64 1.1 35.00 56.00 91.00 NOTE
r-devel-windows-x86_64-gcc10-UCRT 1.1 NOTE
r-patched-linux-x86_64 1.1 27.21 38.90 66.11 NOTE
r-patched-solaris-x86 1.1 104.10 NOTE
r-release-linux-x86_64 1.1 23.37 38.80 62.17 NOTE
r-release-macos-arm64 1.1 NOTE
r-release-macos-x86_64 1.1 NOTE
r-release-windows-ix86+x86_64 1.1 64.00 88.00 152.00 NOTE
r-oldrel-macos-x86_64 1.1 NOTE
r-oldrel-windows-ix86+x86_64 1.1 50.00 93.00 143.00 NOTE

Check Details

Version: 1.1
Check: R code for possible problems
Result: NOTE
    lsmacof: no visible global function definition for 'cmdscale'
    plotInc: no visible global function definition for 'rainbow'
    prepareCalib: no visible global function definition for 'lm'
    Undefined global functions or variables:
     cmdscale lm rainbow
    Consider adding
     importFrom("grDevices", "rainbow")
     importFrom("stats", "cmdscale", "lm")
    to your NAMESPACE file.
Flavors: r-devel-linux-x86_64-debian-clang, r-devel-linux-x86_64-debian-gcc, r-devel-linux-x86_64-fedora-clang, r-devel-linux-x86_64-fedora-gcc, r-devel-windows-x86_64, r-devel-windows-x86_64-gcc10-UCRT, r-patched-linux-x86_64, r-patched-solaris-x86, r-release-linux-x86_64, r-release-macos-arm64, r-release-macos-x86_64, r-release-windows-ix86+x86_64, r-oldrel-macos-x86_64, r-oldrel-windows-ix86+x86_64

Version: 1.1
Check: compiled code
Result: NOTE
    File ‘FisHiCal/libs/FisHiCal.so’:
     Found no calls to: ‘R_registerRoutines’, ‘R_useDynamicSymbols’
    
    It is good practice to register native routines and to disable symbol
    search.
    
    See ‘Writing portable packages’ in the ‘Writing R Extensions’ manual.
Flavors: r-devel-linux-x86_64-fedora-clang, r-devel-linux-x86_64-fedora-gcc