CRAN Package Check Results for Package FisHiCal

Last updated on 2021-09-22 15:51:19 CEST.

Flavor Version Tinstall Tcheck Ttotal Status Flags
r-devel-linux-x86_64-debian-clang 1.1 26.65 40.28 66.93 NOTE
r-devel-linux-x86_64-debian-gcc 1.1 18.53 31.37 49.90 NOTE
r-devel-linux-x86_64-fedora-clang 1.1 98.51 NOTE
r-devel-linux-x86_64-fedora-gcc 1.1 83.69 NOTE
r-devel-windows-x86_64 1.1 24.00 54.00 78.00 NOTE
r-devel-windows-x86_64-gcc10-UCRT 1.1 ERROR
r-patched-linux-x86_64 1.1 24.63 38.74 63.37 NOTE
r-patched-solaris-x86 1.1 101.10 NOTE
r-release-linux-x86_64 1.1 22.87 38.73 61.60 NOTE
r-release-macos-arm64 1.1 NOTE
r-release-macos-x86_64 1.1 NOTE
r-release-windows-ix86+x86_64 1.1 66.00 84.00 150.00 NOTE
r-oldrel-macos-x86_64 1.1 NOTE
r-oldrel-windows-ix86+x86_64 1.1 48.00 66.00 114.00 NOTE

Check Details

Version: 1.1
Check: R code for possible problems
Result: NOTE
    lsmacof: no visible global function definition for 'cmdscale'
    plotInc: no visible global function definition for 'rainbow'
    prepareCalib: no visible global function definition for 'lm'
    Undefined global functions or variables:
     cmdscale lm rainbow
    Consider adding
     importFrom("grDevices", "rainbow")
     importFrom("stats", "cmdscale", "lm")
    to your NAMESPACE file.
Flavors: r-devel-linux-x86_64-debian-clang, r-devel-linux-x86_64-debian-gcc, r-devel-linux-x86_64-fedora-clang, r-devel-linux-x86_64-fedora-gcc, r-devel-windows-x86_64, r-patched-linux-x86_64, r-patched-solaris-x86, r-release-linux-x86_64, r-release-macos-arm64, r-release-macos-x86_64, r-release-windows-ix86+x86_64, r-oldrel-macos-x86_64, r-oldrel-windows-ix86+x86_64

Version: 1.1
Check: compiled code
Result: NOTE
    File ‘FisHiCal/libs/FisHiCal.so’:
     Found no calls to: ‘R_registerRoutines’, ‘R_useDynamicSymbols’
    
    It is good practice to register native routines and to disable symbol
    search.
    
    See ‘Writing portable packages’ in the ‘Writing R Extensions’ manual.
Flavors: r-devel-linux-x86_64-fedora-clang, r-devel-linux-x86_64-fedora-gcc

Version: 1.1
Check: package dependencies
Result: ERROR
    Package required but not available: 'igraph'
    
    Package suggested but not available for checking: 'rgl'
    
    See section 'The DESCRIPTION file' in the 'Writing R Extensions'
    manual.
Flavor: r-devel-windows-x86_64-gcc10-UCRT