CRAN Package Check Results for Package FastRCS

Last updated on 2021-03-04 15:49:17 CET.

Flavor Version Tinstall Tcheck Ttotal Status Flags
r-devel-linux-x86_64-debian-clang 0.0.8 39.19 26.82 66.01 OK
r-devel-linux-x86_64-debian-gcc 0.0.8 26.97 22.72 49.69 OK
r-devel-linux-x86_64-fedora-clang 0.0.8 95.23 NOTE
r-devel-linux-x86_64-fedora-gcc 0.0.8 83.13 OK
r-devel-windows-ix86+x86_64 0.0.8 70.00 68.00 138.00 OK
r-patched-linux-x86_64 0.0.8 32.14 27.47 59.61 OK
r-patched-solaris-x86 0.0.8 88.80 OK
r-release-linux-x86_64 0.0.8 32.05 27.88 59.93 OK
r-release-macos-x86_64 0.0.8 NOTE
r-release-windows-ix86+x86_64 0.0.8 48.00 59.00 107.00 OK
r-oldrel-macos-x86_64 0.0.8 NOTE
r-oldrel-windows-ix86+x86_64 0.0.8 61.00 70.00 131.00 OK

Check Details

Version: 0.0.8
Check: installed package size
Result: NOTE
     installed size is 18.0Mb
     sub-directories of 1Mb or more:
     libs 17.9Mb
Flavors: r-devel-linux-x86_64-fedora-clang, r-release-macos-x86_64, r-oldrel-macos-x86_64