CRAN Package Check Results for Package FastPCS

Last updated on 2024-07-20 08:49:41 CEST.

Flavor Version Tinstall Tcheck Ttotal Status Flags
r-devel-linux-x86_64-debian-clang 0.1.4 27.47 24.41 51.88 OK
r-devel-linux-x86_64-debian-gcc 0.1.4 22.12 20.64 42.76 OK
r-devel-linux-x86_64-fedora-clang 0.1.4 65.75 OK
r-devel-linux-x86_64-fedora-gcc 0.1.4 77.32 OK
r-devel-windows-x86_64 0.1.4 25.00 45.00 70.00 OK
r-patched-linux-x86_64 0.1.4 24.58 24.84 49.42 OK
r-release-linux-x86_64 0.1.4 31.04 24.98 56.02 OK
r-release-macos-arm64 0.1.4 25.00 NOTE
r-release-macos-x86_64 0.1.4 47.00 NOTE
r-release-windows-x86_64 0.1.4 23.00 46.00 69.00 OK
r-oldrel-macos-arm64 0.1.4 30.00 NOTE
r-oldrel-macos-x86_64 0.1.4 54.00 NOTE
r-oldrel-windows-x86_64 0.1.4 29.00 65.00 94.00 OK

Check Details

Version: 0.1.4
Check: installed package size
Result: NOTE installed size is 11.2Mb sub-directories of 1Mb or more: libs 11.1Mb Flavors: r-release-macos-arm64, r-release-macos-x86_64, r-oldrel-macos-arm64, r-oldrel-macos-x86_64