CRAN Package Check Results for Package FastGP

Last updated on 2021-03-09 07:49:38 CET.

Flavor Version Tinstall Tcheck Ttotal Status Flags
r-devel-linux-x86_64-debian-clang 1.2 51.05 30.28 81.33 OK
r-devel-linux-x86_64-debian-gcc 1.2 30.09 24.67 54.76 OK
r-devel-linux-x86_64-fedora-clang 1.2 118.85 NOTE
r-devel-linux-x86_64-fedora-gcc 1.2 95.35 NOTE
r-devel-windows-ix86+x86_64 1.2 107.00 74.00 181.00 OK
r-devel-windows-x86_64-gcc10-UCRT 1.2 OK
r-patched-linux-x86_64 1.2 41.27 30.08 71.35 OK
r-patched-solaris-x86 1.2 99.00 OK
r-release-linux-x86_64 1.2 40.18 29.81 69.99 OK
r-release-macos-x86_64 1.2 NOTE
r-release-windows-ix86+x86_64 1.2 89.00 73.00 162.00 OK
r-oldrel-macos-x86_64 1.2 NOTE
r-oldrel-windows-ix86+x86_64 1.2 68.00 55.00 123.00 OK

Check Details

Version: 1.2
Check: installed package size
Result: NOTE
     installed size is 6.6Mb
     sub-directories of 1Mb or more:
     libs 6.2Mb
Flavors: r-devel-linux-x86_64-fedora-clang, r-release-macos-x86_64, r-oldrel-macos-x86_64

Version: 1.2
Check: compiled code
Result: NOTE
    File ‘FastGP/libs/FastGP.so’:
     Found no calls to: ‘R_registerRoutines’, ‘R_useDynamicSymbols’
    
    It is good practice to register native routines and to disable symbol
    search.
    
    See ‘Writing portable packages’ in the ‘Writing R Extensions’ manual.
Flavors: r-devel-linux-x86_64-fedora-clang, r-devel-linux-x86_64-fedora-gcc