CRAN Package Check Results for Package FastBandChol

Last updated on 2021-09-21 15:50:51 CEST.

Flavor Version Tinstall Tcheck Ttotal Status Flags
r-devel-linux-x86_64-debian-clang 0.1.1 29.84 28.71 58.55 NOTE
r-devel-linux-x86_64-debian-gcc 0.1.1 19.35 22.43 41.78 NOTE
r-devel-linux-x86_64-fedora-clang 0.1.1 88.44 NOTE
r-devel-linux-x86_64-fedora-gcc 0.1.1 70.25 NOTE
r-devel-windows-x86_64 0.1.1 29.00 43.00 72.00 NOTE
r-devel-windows-x86_64-gcc10-UCRT 0.1.1 ERROR
r-patched-linux-x86_64 0.1.1 23.00 27.44 50.44 NOTE
r-patched-solaris-x86 0.1.1 84.60 NOTE
r-release-linux-x86_64 0.1.1 28.26 27.28 55.54 NOTE
r-release-macos-arm64 0.1.1 NOTE
r-release-macos-x86_64 0.1.1 NOTE
r-release-windows-ix86+x86_64 0.1.1 74.00 71.00 145.00 NOTE
r-oldrel-macos-x86_64 0.1.1 OK
r-oldrel-windows-ix86+x86_64 0.1.1 72.00 61.00 133.00 OK

Check Details

Version: 0.1.1
Check: LazyData
Result: NOTE
     'LazyData' is specified without a 'data' directory
Flavors: r-devel-linux-x86_64-debian-clang, r-devel-linux-x86_64-debian-gcc, r-devel-linux-x86_64-fedora-clang, r-devel-linux-x86_64-fedora-gcc, r-devel-windows-x86_64, r-patched-linux-x86_64, r-patched-solaris-x86, r-release-linux-x86_64, r-release-macos-arm64, r-release-macos-x86_64, r-release-windows-ix86+x86_64

Version: 0.1.1
Check: compiled code
Result: NOTE
    File ‘FastBandChol/libs/FastBandChol.so’:
     Found no calls to: ‘R_registerRoutines’, ‘R_useDynamicSymbols’
    
    It is good practice to register native routines and to disable symbol
    search.
    
    See ‘Writing portable packages’ in the ‘Writing R Extensions’ manual.
Flavors: r-devel-linux-x86_64-fedora-clang, r-devel-linux-x86_64-fedora-gcc

Version: 0.1.1
Check: whether package can be installed
Result: ERROR
    Installation failed.
Flavor: r-devel-windows-x86_64-gcc10-UCRT