CRAN Package Check Results for Package FairMclus

Last updated on 2022-05-24 23:53:07 CEST.

Flavor Version Tinstall Tcheck Ttotal Status Flags
r-devel-linux-x86_64-debian-clang 2.2.1 5.65 63.20 68.85 OK
r-devel-linux-x86_64-debian-gcc 2.2.1 3.54 46.94 50.48 OK
r-devel-linux-x86_64-fedora-clang 2.2.1 81.96 NOTE
r-devel-linux-x86_64-fedora-gcc 2.2.1 83.55 NOTE
r-devel-windows-x86_64 2.2.1 12.00 75.00 87.00 OK
r-patched-linux-x86_64 2.2.1 5.14 58.82 63.96 OK
r-release-linux-x86_64 2.2.1 OK
r-release-macos-arm64 2.2.1 24.00 NOTE
r-release-macos-x86_64 2.2.1 44.00 NOTE
r-release-windows-x86_64 2.2.1 12.00 76.00 88.00 OK
r-oldrel-macos-arm64 2.2.1 37.00 NOTE
r-oldrel-macos-x86_64 2.2.1 31.00 NOTE
r-oldrel-windows-ix86+x86_64 2.2.1 14.00 70.00 84.00 OK

Check Details

Version: 2.2.1
Check: dependencies in R code
Result: NOTE
    Namespaces in Imports field not imported from:
     ‘base’ ‘data.table’
     All declared Imports should be used.
Flavors: r-devel-linux-x86_64-fedora-clang, r-devel-linux-x86_64-fedora-gcc, r-release-macos-arm64, r-release-macos-x86_64, r-oldrel-macos-arm64, r-oldrel-macos-x86_64